{"id":13105,"date":"2018-10-05T15:58:29","date_gmt":"2018-10-05T15:58:29","guid":{"rendered":"http:\/\/portal.sma.gob.cl\/?page_id=13105"},"modified":"2023-04-11T10:22:58","modified_gmt":"2023-04-11T14:22:58","slug":"estructura-organica-old","status":"publish","type":"page","link":"https:\/\/portal.sma.gob.cl\/index.php\/estructura-organica-old\/","title":{"rendered":"Estructura org\u00e1nica old"},"content":{"rendered":"<p><div class=\"fusion-fullwidth fullwidth-box fusion-builder-row-1 nonhundred-percent-fullwidth non-hundred-percent-height-scrolling\" style=\"--awb-border-radius-top-left:0px;--awb-border-radius-top-right:0px;--awb-border-radius-bottom-right:0px;--awb-border-radius-bottom-left:0px;--awb-margin-bottom:30px;--awb-flex-wrap:wrap;\" ><div class=\"fusion-builder-row fusion-row\"><div class=\"fusion-layout-column fusion_builder_column fusion-builder-column-0 fusion_builder_column_1_1 1_1 fusion-one-full fusion-column-first fusion-column-last\" style=\"--awb-padding-top:10px;--awb-padding-right:10px;--awb-padding-bottom:10px;--awb-padding-left:10px;--awb-bg-size:cover;\"><div class=\"fusion-column-wrapper fusion-column-has-shadow fusion-flex-column-wrapper-legacy\"><div class=\"fusion-image-element in-legacy-container\" style=\"--awb-caption-title-font-family:var(--h2_typography-font-family);--awb-caption-title-font-weight:var(--h2_typography-font-weight);--awb-caption-title-font-style:var(--h2_typography-font-style);--awb-caption-title-size:var(--h2_typography-font-size);--awb-caption-title-transform:var(--h2_typography-text-transform);--awb-caption-title-line-height:var(--h2_typography-line-height);--awb-caption-title-letter-spacing:var(--h2_typography-letter-spacing);\"><span class=\" fusion-imageframe imageframe-none imageframe-1 hover-type-none\"><img decoding=\"async\" width=\"2000\" height=\"1437\" title=\"Estructura organica 2023-Marzo\" src=\"https:\/\/portal.sma.gob.cl\/wp-content\/uploads\/2023\/04\/Organica-2023.jpg\" alt class=\"img-responsive wp-image-26193\" srcset=\"https:\/\/portal.sma.gob.cl\/wp-content\/uploads\/2023\/04\/Organica-2023-200x144.jpg 200w, https:\/\/portal.sma.gob.cl\/wp-content\/uploads\/2023\/04\/Organica-2023-400x287.jpg 400w, https:\/\/portal.sma.gob.cl\/wp-content\/uploads\/2023\/04\/Organica-2023-600x431.jpg 600w, https:\/\/portal.sma.gob.cl\/wp-content\/uploads\/2023\/04\/Organica-2023-800x575.jpg 800w, https:\/\/portal.sma.gob.cl\/wp-content\/uploads\/2023\/04\/Organica-2023-1200x862.jpg 1200w, https:\/\/portal.sma.gob.cl\/wp-content\/uploads\/2023\/04\/Organica-2023.jpg 2000w\" sizes=\"(max-width: 800px) 100vw, 1200px\" \/><\/span><\/div><div class=\"fusion-button-wrapper fusion-aligncenter\"><a class=\"fusion-button button-flat fusion-button-default-size button-custom fusion-button-default button-1 fusion-button-default-span fusion-button-default-type\" style=\"--awb-margin-top:40px;--button_accent_color:rgba(255,255,255,0.8);--button_accent_hover_color:rgba(255,255,255,0.9);--button_border_hover_color:rgba(255,255,255,0.9);--button_gradient_top_color:#1e64bf;--button_gradient_bottom_color:#1e64bf;--button_gradient_top_color_hover:rgba(30,100,191,0.85);--button_gradient_bottom_color_hover:rgba(30,100,191,0.85);\" target=\"_blank\" rel=\"noopener noreferrer\" href=\"https:\/\/portal.sma.gob.cl\/wp-content\/uploads\/2023\/04\/Estructura-organica-2023.pdf\"><span class=\"fusion-button-text awb-button__text awb-button__text--default\">Ampliar imagen<\/span><\/a><\/div><div class=\"fusion-clearfix\"><\/div><\/div><\/div><\/div><\/div><div class=\"fusion-fullwidth fullwidth-box fusion-builder-row-2 nonhundred-percent-fullwidth non-hundred-percent-height-scrolling\" style=\"--awb-border-radius-top-left:0px;--awb-border-radius-top-right:0px;--awb-border-radius-bottom-right:0px;--awb-border-radius-bottom-left:0px;--awb-flex-wrap:wrap;\" ><div class=\"fusion-builder-row fusion-row\"><div class=\"fusion-layout-column fusion_builder_column fusion-builder-column-1 fusion_builder_column_1_1 1_1 fusion-one-full fusion-column-first fusion-column-last\" style=\"--awb-padding-top:10px;--awb-padding-right:20px;--awb-padding-bottom:10px;--awb-padding-left:20px;--awb-overflow:hidden;--awb-bg-size:cover;--awb-box-shadow:1px 1px 16px 1px #dddddd;;--awb-border-radius:10px 10px 10px 10px;\"><div class=\"fusion-column-wrapper fusion-column-has-shadow fusion-flex-column-wrapper-legacy\"><div class=\"fusion-text fusion-text-1\" style=\"--awb-text-transform:none;\"><h3 style=\"text-align: justify;\"><span style=\"color: #0a6ad8;\"><strong>Superintendente y Gabinete<\/strong><\/span><\/h3>\n<p style=\"text-align: justify;\">La Superintendencia del Medio Ambiente estar\u00e1 a cargo de una Superintendenta, a quien corresponder\u00e1 ejercer todas las funciones que el ordenamiento jur\u00eddico atribuye a un jefe de servicio, en la medida que ellas no se encuentren asignadas a otras jefaturas o bien, no hayan sido especialmente delegadas en otros funcionarios de este \u00f3rgano.<\/p>\n<p><strong>Superintendenta: Marie Claude Plumer.<\/strong><br \/>\n<strong>Jefe de Gabinete: Felipe Garc\u00eda.<\/strong><\/p>\n<\/div><div class=\"fusion-clearfix\"><\/div><\/div><\/div><div class=\"fusion-layout-column fusion_builder_column fusion-builder-column-2 fusion_builder_column_1_1 1_1 fusion-one-full fusion-column-first fusion-column-last\" style=\"--awb-padding-top:10px;--awb-padding-right:20px;--awb-padding-bottom:10px;--awb-padding-left:20px;--awb-overflow:hidden;--awb-bg-size:cover;--awb-box-shadow:1px 1px 16px 1px #dddddd;;--awb-border-radius:10px 10px 10px 10px;\"><div class=\"fusion-column-wrapper fusion-column-has-shadow fusion-flex-column-wrapper-legacy\"><div class=\"fusion-text fusion-text-2\" style=\"--awb-text-transform:none;\"><h3 class=\"fusion-responsive-typography-calculated\" data-fontsize=\"17\" data-lineheight=\"23.97px\"><span style=\"color: #0a6ad8;\"><strong>Fiscal\u00eda (FIS)<\/strong><\/span><\/h3>\n<p style=\"text-align: justify;\">Esta divisi\u00f3n es la encargada de ejercer el control de legalidad de los actos administrativos de la Superintendencia, asesora jur\u00eddicamente al Superintendente en sus actos y decisiones, y a las dem\u00e1s divisiones de la instituci\u00f3n en materias jur\u00eddicas. Elabora instrucciones de car\u00e1cter general que le corresponda dictar a la Superintendencia, entre otras funciones.<\/p>\n<p>A su vez, Fiscal\u00eda est\u00e1 compuesta por el Departamento de Sanci\u00f3n y Cumplimiento (DSC) y por el Departamento Jur\u00eddico (DJU).<\/p>\n<ul>\n<li style=\"text-align: justify;\"><strong>Fiscal: Emanuel Ibarra.<\/strong><\/li>\n<li><strong>Jefa DSC: D\u00e1nisa Estay.<\/strong><\/li>\n<li><strong>Jefe DJU: Benjam\u00edn Muhr<\/strong><\/li>\n<\/ul>\n<\/div><div class=\"fusion-clearfix\"><\/div><\/div><\/div><div class=\"fusion-layout-column fusion_builder_column fusion-builder-column-3 fusion_builder_column_1_1 1_1 fusion-one-full fusion-column-first fusion-column-last\" style=\"--awb-padding-top:10px;--awb-padding-right:20px;--awb-padding-bottom:10px;--awb-padding-left:20px;--awb-overflow:hidden;--awb-bg-size:cover;--awb-box-shadow:1px 1px 16px 1px #dddddd;;--awb-border-radius:10px 10px 10px 10px;\"><div class=\"fusion-column-wrapper fusion-column-has-shadow fusion-flex-column-wrapper-legacy\"><div class=\"fusion-text fusion-text-3\" style=\"--awb-text-transform:none;\"><h3 style=\"text-align: justify;\"><span style=\"color: #0a6ad8;\"><strong>Divisi\u00f3n de Fiscalizaci\u00f3n<\/strong><\/span><\/h3>\n<p>\u00c1rea responsable de hacer seguimiento y fiscalizaci\u00f3n del cumplimiento de los Instrumentos de Gesti\u00f3n Ambiental (IGA) de competencia de la Superintendencia, a trav\u00e9s de fiscalizaci\u00f3n directa, de la supervigilancia de la fiscalizaci\u00f3n de los Servicios P\u00fablicos Subprogramados y de la contrataci\u00f3n de terceros debidamente certificados. Elabora, gestiona y coordina la ejecuci\u00f3n de los Programas, Subprogramas y acciones de fiscalizaci\u00f3n relativos al cumplimiento de la normativa ambiental. Asesora al Superintendente en el ejercicio de su facultad para impartir normas y directrices de car\u00e1cter t\u00e9cnico, en materia de fiscalizaci\u00f3n ambiental; entre otras atribuciones.<\/p>\n<p><strong>Jefa (s) Divisi\u00f3n: Claudia Pastore.<\/strong><\/p>\n<\/div><div class=\"fusion-clearfix\"><\/div><\/div><\/div><div class=\"fusion-layout-column fusion_builder_column fusion-builder-column-4 fusion_builder_column_1_1 1_1 fusion-one-full fusion-column-first fusion-column-last\" style=\"--awb-padding-top:10px;--awb-padding-right:20px;--awb-padding-bottom:10px;--awb-padding-left:20px;--awb-overflow:hidden;--awb-bg-size:cover;--awb-box-shadow:1px 1px 16px 1px #dddddd;;--awb-border-radius:10px 10px 10px 10px;\"><div class=\"fusion-column-wrapper fusion-column-has-shadow fusion-flex-column-wrapper-legacy\"><div class=\"fusion-text fusion-text-4\" style=\"--awb-text-transform:none;\"><h3 style=\"text-align: justify;\"><span style=\"color: #0a6ad8;\"><strong>Divisi\u00f3n de Seguimiento e Informaci\u00f3n Ambiental<\/strong><\/span><\/h3>\n<p>Esta divisi\u00f3n tiene la rector\u00eda t\u00e9cnica en materia de ciencia de datos, y en todo lo relacionado con sistemas de vigilancia del estado del medio ambiente, reporte electr\u00f3nico de informaci\u00f3n, seguimiento de los sujetos regulados, y el desarrollo de herramientas anal\u00edticas avanzadas para la detecci\u00f3n temprana de desviaciones, que faciliten la evaluaci\u00f3n permanente del cumplimiento normativo y la transparencia activa de la informaci\u00f3n p\u00fablica.<\/p>\n<p><strong>Jefe (s) de Divisi\u00f3n: Francisco Donoso.<\/strong><\/p>\n<\/div><div class=\"fusion-clearfix\"><\/div><\/div><\/div><div class=\"fusion-layout-column fusion_builder_column fusion-builder-column-5 fusion_builder_column_1_1 1_1 fusion-one-full fusion-column-first fusion-column-last\" style=\"--awb-padding-top:10px;--awb-padding-right:20px;--awb-padding-bottom:10px;--awb-padding-left:20px;--awb-overflow:hidden;--awb-bg-size:cover;--awb-box-shadow:1px 1px 16px 1px #dddddd;;--awb-border-radius:10px 10px 10px 10px;\"><div class=\"fusion-column-wrapper fusion-column-has-shadow fusion-flex-column-wrapper-legacy\"><div class=\"fusion-text fusion-text-5\" style=\"--awb-text-transform:none;\"><h3 style=\"text-align: justify;\"><span style=\"color: #0a6ad8;\"><strong>Departamento de Participaci\u00f3n y Relacionamiento<\/strong><\/span><\/h3>\n<p>El\/la jefe\/a de este Departamento impartir\u00e1 directrices, controlar\u00e1 y vigilar\u00e1 el cumplimiento de las labores de la Oficina de Transparencia y Atenci\u00f3n Ciudadana y la Oficina de Participaci\u00f3n Ciudadana, y ser\u00e1 responsable por su correcto funcionamiento.<\/p>\n<p><strong>Jefa de Departamento (S): Mirella Mar\u00edn.<\/strong><\/p>\n<\/div><div class=\"fusion-clearfix\"><\/div><\/div><\/div><div class=\"fusion-layout-column fusion_builder_column fusion-builder-column-6 fusion_builder_column_1_1 1_1 fusion-one-full fusion-column-first fusion-column-last\" style=\"--awb-padding-top:10px;--awb-padding-right:20px;--awb-padding-bottom:10px;--awb-padding-left:20px;--awb-overflow:hidden;--awb-bg-size:cover;--awb-box-shadow:1px 1px 16px 1px #dddddd;;--awb-border-radius:10px 10px 10px 10px;\"><div class=\"fusion-column-wrapper fusion-column-has-shadow fusion-flex-column-wrapper-legacy\"><div class=\"fusion-text fusion-text-6\" style=\"--awb-text-transform:none;\"><h3 style=\"text-align: justify;\"><span style=\"color: #0a6ad8;\"><strong>Departamento de Administraci\u00f3n y Finanzas<\/strong><\/span><\/h3>\n<p>Se encarga de planificar, organizar y administrar de manera eficiente, eficaz y oportuna los recursos humanos, financieros, f\u00edsicos y de apoyo log\u00edstico a nivel institucional, promoviendo la acci\u00f3n coordinada de los mismos, para colaborar en el logro de la misi\u00f3n y los objetivos institucionales.<\/p>\n<p>Gestiona y administra los recursos presupuestarios anuales asignados en la Ley de Presupuestos para el funcionamiento de la Superintendencia. Provee los recursos financieros, materiales, equipos, mantenci\u00f3n de la infraestructura f\u00edsica, servicios generales y apoyo de personal administrativo pertinentes, siempre velando por el buen uso de los recursos p\u00fablicos a trav\u00e9s de la revisi\u00f3n y an\u00e1lisis financiero de las rendiciones de los gastos y de cualquier otro mecanismo que resulte pertinente.<\/p>\n<p><strong>Jefe de Departamento: Alejandro Ram\u00edrez<\/strong><\/p>\n<\/div><div class=\"fusion-clearfix\"><\/div><\/div><\/div><div class=\"fusion-layout-column fusion_builder_column fusion-builder-column-7 fusion_builder_column_1_1 1_1 fusion-one-full fusion-column-first fusion-column-last\" style=\"--awb-padding-top:10px;--awb-padding-right:20px;--awb-padding-bottom:10px;--awb-padding-left:20px;--awb-overflow:hidden;--awb-bg-size:cover;--awb-box-shadow:1px 1px 16px 1px #dddddd;;--awb-border-radius:10px 10px 10px 10px;\"><div class=\"fusion-column-wrapper fusion-column-has-shadow fusion-flex-column-wrapper-legacy\"><div class=\"fusion-text fusion-text-7\" style=\"--awb-text-transform:none;\"><h3 style=\"text-align: justify;\"><span style=\"color: #0a6ad8;\"><strong>Oficina de Comunicaciones<\/strong><\/span><\/h3>\n<p>Es responsable de la difusi\u00f3n y promoci\u00f3n de la Superintendencia, apoyando comunicacionalmente a la instituci\u00f3n y sus directivos, respecto de los mensajes que se entregar\u00e1n a la comunidad, procurando que exista una comunicaci\u00f3n fluida y directa en la misma organizaci\u00f3n, los regulados y la ciudadan\u00eda. Propone las directrices para enfrentar las eventuales situaciones de crisis que involucren a la Superintendencia, a trav\u00e9s de un manejo t\u00e9cnico y comunicacional adecuado y oportuno, considerando la estrategia e intereses del Servicio, entre otras funciones.<\/p>\n<p><strong>Jefa de Comunicaciones: Claudia Soto.<\/strong><\/p>\n<\/div><div class=\"fusion-clearfix\"><\/div><\/div><\/div><div class=\"fusion-layout-column fusion_builder_column fusion-builder-column-8 fusion_builder_column_1_1 1_1 fusion-one-full fusion-column-first fusion-column-last\" style=\"--awb-padding-top:10px;--awb-padding-right:20px;--awb-padding-bottom:10px;--awb-padding-left:20px;--awb-overflow:hidden;--awb-bg-size:cover;--awb-box-shadow:1px 1px 16px 1px #dddddd;;--awb-border-radius:10px 10px 10px 10px;\"><div class=\"fusion-column-wrapper fusion-column-has-shadow fusion-flex-column-wrapper-legacy\"><div class=\"fusion-text fusion-text-8\" style=\"--awb-text-transform:none;\"><h3 style=\"text-align: justify;\"><span style=\"color: #0a6ad8;\"><strong>Oficina de Auditor\u00eda Interna<\/strong><\/span><\/h3>\n<p>Entrega asesor\u00eda t\u00e9cnica especializada en materias de auditor\u00eda interna y control interno de la Superintendencia. Promueve el cumplimiento en materias de auditor\u00eda interna y control interno de la Superintendencia.<\/p>\n<p>Eval\u00faa en forma permanente el sistema de control interno institucional, efectuando recomendaciones para su mejoramiento, en los \u00e1mbitos financieros y operativos. Establece y mantiene un sistema de planificaci\u00f3n y control institucional, que permita coordinar indicadores y metas de gesti\u00f3n a nivel institucional, en conjunto con cada centro de responsabilidad; realiza seguimiento de metas y compromisos a nivel institucional, elabora reportes de gesti\u00f3n, entre otros.<\/p>\n<p><strong>Encargado (S): Felipe Duarte.<\/strong><\/p>\n<\/div><div class=\"fusion-clearfix\"><\/div><\/div><\/div><div class=\"fusion-layout-column fusion_builder_column fusion-builder-column-9 fusion_builder_column_1_1 1_1 fusion-one-full fusion-column-first fusion-column-last\" style=\"--awb-padding-top:10px;--awb-padding-right:20px;--awb-padding-bottom:10px;--awb-padding-left:20px;--awb-overflow:hidden;--awb-bg-size:cover;--awb-box-shadow:1px 1px 16px 1px #dddddd;;--awb-border-radius:10px 10px 10px 10px;\"><div class=\"fusion-column-wrapper fusion-column-has-shadow fusion-flex-column-wrapper-legacy\"><div class=\"fusion-text fusion-text-9\" style=\"--awb-text-transform:none;\"><h3 style=\"text-align: justify;\"><span style=\"color: #0a6ad8;\"><strong>Oficinas Regionales<\/strong><\/span><\/h3>\n<p>Estas unidades estar\u00e1n a cargo de sus respectivos jefes de oficina, quienes depender\u00e1n directamente del Superintendente. No obstante, una de estas jefaturas en coordinaci\u00f3n con el jefe de gabinete ser\u00e1n las encargadas para coordinar el funcionamiento de las mismas a nivel nacional, a fin de que estas act\u00faen de manera org\u00e1nica, arm\u00f3nica y coherente frente a las autoridades y servicios p\u00fablicos existentes en cada regi\u00f3n del pa\u00eds, as\u00ed como tambi\u00e9n, frente a los lineamientos internos de este organismo del Estado. Sin perjuicio de lo anterior, las oficinas regionales deber\u00e1n cumplir con las instrucciones internas y lineamientos que establezcan las unidades de nivel central en materias como fiscalizaci\u00f3n y seguimiento ambiental, sanci\u00f3n y cumplimiento, transparencia y atenci\u00f3n a la ciudadan\u00eda u otras seg\u00fan se requiera.<\/p>\n<p>Para mayor informaci\u00f3n sobre las oficinas regionales, visitar <a href=\"https:\/\/portal.sma.gob.cl\/index.php\/oficinas-regionales\/\">https:\/\/portal.sma.gob.cl\/index.php\/oficinas-regionales\/<\/a><\/p>\n<\/div><div class=\"fusion-clearfix\"><\/div><\/div><\/div><div class=\"fusion-layout-column fusion_builder_column fusion-builder-column-10 fusion_builder_column_1_1 1_1 fusion-one-full fusion-column-first fusion-column-last\" style=\"--awb-padding-top:20px;--awb-padding-right:20px;--awb-padding-bottom:10px;--awb-padding-left:20px;--awb-overflow:hidden;--awb-bg-color:#d3e5ff;--awb-bg-color-hover:#d3e5ff;--awb-bg-size:cover;--awb-border-color:#0a6ad8;--awb-border-top:1px;--awb-border-right:1px;--awb-border-bottom:1px;--awb-border-left:1px;--awb-border-style:solid;--awb-border-radius:10px 10px 10px 10px;\"><div class=\"fusion-column-wrapper fusion-column-has-shadow fusion-flex-column-wrapper-legacy\"><div class=\"fusion-text fusion-text-10\"><p><strong>Para mayor informaci\u00f3n de las funciones y labores de las \u00e1rea de la SMA, ver la Resoluci\u00f3n adjunta:<\/strong><\/p>\n<ul>\n<li><a href=\"https:\/\/portal.sma.gob.cl\/index.php\/download\/resolucion-exenta-564-2023\/?wpdmdl=23215&amp;masterkey=61e9c360b031c\">Resoluci\u00f3n Exenta N\u00ba564 \/ 2023<\/a><\/li>\n<\/ul>\n<\/div><div class=\"fusion-clearfix\"><\/div><\/div><\/div><\/div><\/div><\/p>\n","protected":false},"excerpt":{"rendered":"","protected":false},"author":3,"featured_media":0,"parent":0,"menu_order":0,"comment_status":"closed","ping_status":"closed","template":"","meta":{"footnotes":""},"class_list":["post-13105","page","type-page","status-publish","hentry"],"_links":{"self":[{"href":"https:\/\/portal.sma.gob.cl\/index.php\/wp-json\/wp\/v2\/pages\/13105","targetHints":{"allow":["GET"]}}],"collection":[{"href":"https:\/\/portal.sma.gob.cl\/index.php\/wp-json\/wp\/v2\/pages"}],"about":[{"href":"https:\/\/portal.sma.gob.cl\/index.php\/wp-json\/wp\/v2\/types\/page"}],"author":[{"embeddable":true,"href":"https:\/\/portal.sma.gob.cl\/index.php\/wp-json\/wp\/v2\/users\/3"}],"replies":[{"embeddable":true,"href":"https:\/\/portal.sma.gob.cl\/index.php\/wp-json\/wp\/v2\/comments?post=13105"}],"version-history":[{"count":199,"href":"https:\/\/portal.sma.gob.cl\/index.php\/wp-json\/wp\/v2\/pages\/13105\/revisions"}],"predecessor-version":[{"id":26236,"href":"https:\/\/portal.sma.gob.cl\/index.php\/wp-json\/wp\/v2\/pages\/13105\/revisions\/26236"}],"wp:attachment":[{"href":"https:\/\/portal.sma.gob.cl\/index.php\/wp-json\/wp\/v2\/media?parent=13105"}],"curies":[{"name":"wp","href":"https:\/\/api.w.org\/{rel}","templated":true}]}}