{"id":22543,"date":"2021-05-11T10:23:06","date_gmt":"2021-05-11T14:23:06","guid":{"rendered":"https:\/\/portal.sma.gob.cl\/?page_id=22543"},"modified":"2021-05-20T14:37:06","modified_gmt":"2021-05-20T18:37:06","slug":"cuenta-publica","status":"publish","type":"page","link":"https:\/\/portal.sma.gob.cl\/index.php\/cuenta-publica\/","title":{"rendered":"Cuenta Publica"},"content":{"rendered":"<p><img decoding=\"async\" class=\"wp-image-22548 aligncenter\" src=\"https:\/\/portal.sma.gob.cl\/wp-content\/uploads\/2021\/05\/seccion-web.png\" alt=\"\" width=\"1275\" height=\"403\" srcset=\"https:\/\/portal.sma.gob.cl\/wp-content\/uploads\/2021\/05\/seccion-web-200x62.png 200w, https:\/\/portal.sma.gob.cl\/wp-content\/uploads\/2021\/05\/seccion-web.png 807w\" sizes=\"(max-width: 1275px) 100vw, 1275px\" \/><\/p>\n<p>El Superintendente del Medio Ambiente, Crist\u00f3bal De La Maza Guzm\u00e1n, tiene el agrado de invitarlo (a) a la transmisi\u00f3n de la Cuenta P\u00fablica Anual de la Superintendencia del Medio Ambiente (SMA), <strong>que se realizar\u00e1 el viernes 28 de mayo, a las 12:00 horas,<\/strong> <a href=\"https:\/\/www.youtube.com\/channel\/UCUFDJBDkk2H4B_PzFouCNLw\" target=\"_blank\" rel=\"noopener\">a trav\u00e9s de nuestro canal de Youtube.<\/a> El enlace estar\u00e1 disponible en nuestro sitio <a href=\"https:\/\/portal.sma.gob.cl\" target=\"_blank\" rel=\"noopener\">portal.sma.gob.cl<\/a> y a trav\u00e9s de todas nuestras plataformas digitales.<\/p>\n<p>Esperamos contar con su participaci\u00f3n, la cual dar\u00e1 realce a esta instancia anual de nuestra instituci\u00f3n.<\/p>\n<p>\u00a1Acomp\u00e1\u00f1enos!<\/p>\n<p>Saludos,<\/p>\n<p><strong>Crist\u00f3bal De La Maza Guzm\u00e1n<\/strong><br \/>\nSuperintendente del Medio Ambiente<\/p>\n<p>&nbsp;<\/p>\n<div class=\"mr-3\" align=\"left\"><img decoding=\"async\" class=\"wpdm_icon\" style=\"margin-right: 5px;\" src=\"https:\/\/portal.sma.gob.cl\/wp-content\/plugins\/download-manager\/assets\/file-type-icons\/pdf.svg\" alt=\"Icon\" width=\"35\" height=\"49\" \/><strong><a href=\"https:\/\/portal.sma.gob.cl\/index.php\/download\/cuenta-publica-2020\/?wpdmdl=22605&#038;masterkey=60a6ab3f2eb62\">Descargar Cuenta P\u00fablica 2020<\/a><\/strong><\/div>\n","protected":false},"excerpt":{"rendered":"<p>El Superintendente del Medio Ambiente, Crist\u00f3bal De La Maza Guzm\u00e1n, tiene el agrado de invitarlo (a) a la transmisi\u00f3n de la Cuenta P\u00fablica Anual de la Superintendencia del Medio Ambiente (SMA), que se realizar\u00e1 el viernes 28 de mayo, a las 12:00 horas, a trav\u00e9s de nuestro canal de Youtube. El enlace estar\u00e1 disponible en nuestro <a href=\"https:\/\/portal.sma.gob.cl\/index.php\/cuenta-publica\/\">Leer m\u00e1s<\/a><\/p>\n","protected":false},"author":3,"featured_media":0,"parent":0,"menu_order":0,"comment_status":"closed","ping_status":"closed","template":"","meta":{"footnotes":""},"class_list":["post-22543","page","type-page","status-publish","hentry"],"_links":{"self":[{"href":"https:\/\/portal.sma.gob.cl\/index.php\/wp-json\/wp\/v2\/pages\/22543","targetHints":{"allow":["GET"]}}],"collection":[{"href":"https:\/\/portal.sma.gob.cl\/index.php\/wp-json\/wp\/v2\/pages"}],"about":[{"href":"https:\/\/portal.sma.gob.cl\/index.php\/wp-json\/wp\/v2\/types\/page"}],"author":[{"embeddable":true,"href":"https:\/\/portal.sma.gob.cl\/index.php\/wp-json\/wp\/v2\/users\/3"}],"replies":[{"embeddable":true,"href":"https:\/\/portal.sma.gob.cl\/index.php\/wp-json\/wp\/v2\/comments?post=22543"}],"version-history":[{"count":13,"href":"https:\/\/portal.sma.gob.cl\/index.php\/wp-json\/wp\/v2\/pages\/22543\/revisions"}],"predecessor-version":[{"id":22610,"href":"https:\/\/portal.sma.gob.cl\/index.php\/wp-json\/wp\/v2\/pages\/22543\/revisions\/22610"}],"wp:attachment":[{"href":"https:\/\/portal.sma.gob.cl\/index.php\/wp-json\/wp\/v2\/media?parent=22543"}],"curies":[{"name":"wp","href":"https:\/\/api.w.org\/{rel}","templated":true}]}}

<p><img decoding="async" class="wp-image-22548 aligncenter" src="https://portal.sma.gob.cl/wp-content/uploads/2021/05/seccion-web.png" alt="" width="1275" height="403" srcset="https://portal.sma.gob.cl/wp-content/uploads/2021/05/seccion-web-200x62.png 200w, https://portal.sma.gob.cl/wp-content/uploads/2021/05/seccion-web.png 807w" sizes="(max-width: 1275px) 100vw, 1275px" /></p>
<p>El Superintendente del Medio Ambiente, Cristóbal De La Maza Guzmán, tiene el agrado de invitarlo (a) a la transmisión de la Cuenta Pública Anual de la Superintendencia del Medio Ambiente (SMA), <strong>que se realizará el viernes 28 de mayo, a las 12:00 horas,</strong> <a href="https://www.youtube.com/channel/UCUFDJBDkk2H4B_PzFouCNLw" target="_blank" rel="noopener">a través de nuestro canal de Youtube.</a> El enlace estará disponible en nuestro sitio <a href="https://portal.sma.gob.cl" target="_blank" rel="noopener">portal.sma.gob.cl</a> y a través de todas nuestras plataformas digitales.</p>
<p>Esperamos contar con su participación, la cual dará realce a esta instancia anual de nuestra institución.</p>
<p>¡Acompáñenos!</p>
<p>Saludos,</p>
<p><strong>Cristóbal De La Maza Guzmán</strong><br />
Superintendente del Medio Ambiente</p>
<p>&nbsp;</p>
<div class="mr-3" align="left"><img decoding="async" class="wpdm_icon" style="margin-right: 5px;" src="https://portal.sma.gob.cl/wp-content/plugins/download-manager/assets/file-type-icons/pdf.svg" alt="Icon" width="35" height="49" /><strong><a href="https://portal.sma.gob.cl/index.php/download/cuenta-publica-2020/?wpdmdl=22605&#038;masterkey=60a6ab3f2eb62">Descargar Cuenta Pública 2020</a></strong></div>

<p>El Superintendente del Medio Ambiente, Cristóbal De La Maza Guzmán, tiene el agrado de invitarlo (a) a la transmisión de la Cuenta Pública Anual de la Superintendencia del Medio Ambiente (SMA), que se realizará el viernes 28 de mayo, a las 12:00 horas, a través de nuestro canal de Youtube. El enlace estará disponible en nuestro <a href="https://portal.sma.gob.cl/index.php/cuenta-publica/">Leer más</a></p>
