{"id":29921,"date":"2023-12-28T13:37:38","date_gmt":"2023-12-28T16:37:38","guid":{"rendered":"https:\/\/portal.sma.gob.cl\/?page_id=29921"},"modified":"2024-05-17T16:21:36","modified_gmt":"2024-05-17T20:21:36","slug":"ley-rep","status":"publish","type":"page","link":"https:\/\/portal.sma.gob.cl\/index.php\/portal-regulados\/instructivos-y-guias\/ley-rep\/","title":{"rendered":"Ley REP"},"content":{"rendered":"<div class=\"fusion-fullwidth fullwidth-box fusion-builder-row-1 fusion-flex-container nonhundred-percent-fullwidth non-hundred-percent-height-scrolling\" style=\"--awb-border-radius-top-left:0px;--awb-border-radius-top-right:0px;--awb-border-radius-bottom-right:0px;--awb-border-radius-bottom-left:0px;--awb-margin-bottom:30px;--awb-flex-wrap:wrap;\" ><div class=\"fusion-builder-row fusion-row fusion-flex-align-items-flex-start fusion-flex-content-wrap\" style=\"max-width:1144px;margin-left: calc(-4% \/ 2 );margin-right: calc(-4% \/ 2 );\"><div class=\"fusion-layout-column fusion_builder_column fusion-builder-column-0 fusion_builder_column_1_1 1_1 fusion-flex-column\" style=\"--awb-bg-size:cover;--awb-width-large:100%;--awb-margin-top-large:0px;--awb-spacing-right-large:1.92%;--awb-margin-bottom-large:20px;--awb-spacing-left-large:1.92%;--awb-width-medium:100%;--awb-order-medium:0;--awb-spacing-right-medium:1.92%;--awb-spacing-left-medium:1.92%;--awb-width-small:100%;--awb-order-small:0;--awb-spacing-right-small:1.92%;--awb-spacing-left-small:1.92%;\"><div class=\"fusion-column-wrapper fusion-column-has-shadow fusion-flex-justify-content-flex-start fusion-content-layout-column\"><div class=\"fusion-image-element \" style=\"--awb-margin-bottom:30px;--awb-caption-title-font-family:var(--h2_typography-font-family);--awb-caption-title-font-weight:var(--h2_typography-font-weight);--awb-caption-title-font-style:var(--h2_typography-font-style);--awb-caption-title-size:var(--h2_typography-font-size);--awb-caption-title-transform:var(--h2_typography-text-transform);--awb-caption-title-line-height:var(--h2_typography-line-height);--awb-caption-title-letter-spacing:var(--h2_typography-letter-spacing);\"><span class=\" fusion-imageframe imageframe-none imageframe-1 hover-type-none\"><img decoding=\"async\" width=\"1592\" height=\"722\" title=\"rep3\" src=\"https:\/\/portal.sma.gob.cl\/wp-content\/uploads\/2023\/12\/rep3.jpg\" alt class=\"img-responsive wp-image-29936\" srcset=\"https:\/\/portal.sma.gob.cl\/wp-content\/uploads\/2023\/12\/rep3-200x91.jpg 200w, https:\/\/portal.sma.gob.cl\/wp-content\/uploads\/2023\/12\/rep3-400x181.jpg 400w, https:\/\/portal.sma.gob.cl\/wp-content\/uploads\/2023\/12\/rep3-600x272.jpg 600w, https:\/\/portal.sma.gob.cl\/wp-content\/uploads\/2023\/12\/rep3-800x363.jpg 800w, https:\/\/portal.sma.gob.cl\/wp-content\/uploads\/2023\/12\/rep3-1200x544.jpg 1200w, https:\/\/portal.sma.gob.cl\/wp-content\/uploads\/2023\/12\/rep3.jpg 1592w\" sizes=\"(max-width: 1024px) 100vw, (max-width: 640px) 100vw, 1200px\" \/><\/span><\/div><div class=\"fusion-text fusion-text-1\"><p>Con fecha 27 de diciembre de 2023, fue publicada el Diario Oficial la <span style=\"text-decoration: underline;\"><a href=\"https:\/\/www.diariooficial.interior.gob.cl\/publicaciones\/2023\/12\/27\/43735\/01\/2426676.pdf\">Resoluci\u00f3n Exenta N\u00b02084, de fecha 18 de diciembre de 2023,<\/a><\/span> de la Superintendencia del Medio Ambiente, que dicta instrucci\u00f3n general sobre trazabilidad de datos, reportes mensuales y contenido de los informes de cumplimiento establecido en la Ley N\u00b020.920 que Establece Marco para la Gesti\u00f3n de Residuos, La Responsabilidad Extendida del Productor y Fomento al Reciclaje (\u201cLey REP\u201d).<\/p>\n<p>Esta instrucci\u00f3n tiene por objetivo regular el registro de datos asociados a la responsabilidad extendida del productor, con el prop\u00f3sito de satisfacer el principio de trazabilidad; orientar a los regulados en la recolecci\u00f3n de los datos necesarios para demostrar el cumplimiento de sus obligaciones; establecer reportes mensuales de \u00e9stos y fijar el contenido de los informes de cumplimiento. Para ello, se contempla:<\/p>\n<\/div><ul style=\"--awb-size:15px;--awb-textcolor:var(--awb-custom14);--awb-line-height:25.5px;--awb-icon-width:25.5px;--awb-icon-height:25.5px;--awb-icon-margin:10.5px;--awb-content-margin:36px;--awb-circlecolor:#59b243;--awb-circle-yes-font-size:13.2px;\" class=\"fusion-checklist fusion-checklist-1 fusion-checklist-default type-icons\"><li class=\"fusion-li-item\" style=\"\"><span class=\"icon-wrapper circle-yes\"><i class=\"fusion-li-icon fa-leaf fas\" aria-hidden=\"true\"><\/i><\/span><div class=\"fusion-li-item-content\">\n<p>La creaci\u00f3n del Sistema de Reporte de la Responsabilidad Extendida del Productor (\u201cSISREP\u201d), a contar del 1 de enero de 2025. Este sistema contendr\u00e1 un registro p\u00fablico de los sistemas de gesti\u00f3n habilitados. En el caso de los sistemas colectivos de gesti\u00f3n indicar\u00e1 los productores que lo componen y otros datos de inter\u00e9s.<br \/>\nSin perjuicio de lo anterior, la Superintendencia informar\u00e1, por medio de sus canales oficiales, la habilitaci\u00f3n del Sistema de Reporte de la Responsabilidad Extendida del Productor para la realizaci\u00f3n de pruebas y mejoras.<\/p>\n<\/div><\/li><li class=\"fusion-li-item\" style=\"\"><span class=\"icon-wrapper circle-yes\"><i class=\"fusion-li-icon fa-leaf fas\" aria-hidden=\"true\"><\/i><\/span><div class=\"fusion-li-item-content\">\n<p>Desde la publicaci\u00f3n de esta instrucci\u00f3n en el Diario Oficial, los sistemas de gesti\u00f3n tienen obligaci\u00f3n de entregar, junto con el informe final de cumplimiento presentado en el Registro de Emisiones y Transferencia de Contaminantes (\u201cRETC\u201d) del Ministerio del Medio Ambiente, un anexo con los datos consolidados de productos prioritarios introducidos al mercado nacional y de las operaciones de gesti\u00f3n de residuos, seg\u00fan las clasificaciones que fijan los decretos que establecen metas de recolecci\u00f3n y valorizaci\u00f3n de residuos. Para ello, la SMA pondr\u00e1 a disposici\u00f3n de los sistemas de gesti\u00f3n un formato de anexo para estos efectos.<\/p>\n<\/div><\/li><li class=\"fusion-li-item\" style=\"--awb-circlecolor:var(--awb-color6);\"><span class=\"icon-wrapper circle-yes\"><i class=\"fusion-li-icon fa-file-download fas\" aria-hidden=\"true\"><\/i><\/span><div class=\"fusion-li-item-content\">\n<p><strong>Documentos para descarga:<\/strong><\/p>\n<ul>\n<li><span style=\"text-decoration: underline;\"><a href=\"https:\/\/portal.sma.gob.cl\/index.php\/download\/instruccion-sma-rep\/?wpdmdl=29909&amp;masterkey=y5Cxll6bpFPGjexKVL00j7ESFyaixO9fVTJ8URbbS0nAOxXhox335TtPq1L-F1oqY1sSViPjsUDVUFc1sqUPXl4FDh2aSEHy2l3oQxIdif0\">Instrucci\u00f3n SMA Ley REP<\/a><\/span><\/li>\n<li><strong>Sistemas de Gesti\u00f3n<\/strong>\n<ul>\n<li><span style=\"text-decoration: underline;\"><a href=\"https:\/\/transparencia.sma.gob.cl\/doc\/rep\/REP_ConsolidadoEnvases.xlsx\">Anexo envases y embalajes<\/a><\/span><\/li>\n<li><span style=\"text-decoration: underline;\"><a href=\"https:\/\/transparencia.sma.gob.cl\/doc\/rep\/REP_ConsolidadoNeumaticos.xlsx\">Anexo neum\u00e1ticos<\/a><\/span><\/li>\n<\/ul>\n<\/li>\n<li><strong>Consumidores Industriales<\/strong>\n<ul>\n<li><a href=\"https:\/\/transparencia.sma.gob.cl\/doc\/rep\/REP_conind_envases.xlsx\">Planilla envases y embalajes<\/a><\/li>\n<li><a href=\"https:\/\/transparencia.sma.gob.cl\/doc\/rep\/REP_conind_neumaticos.xlsx\">Planilla neum\u00e1ticos<\/a><\/li>\n<\/ul>\n<\/li>\n<\/ul>\n<\/div><\/li><li class=\"fusion-li-item\" style=\"--awb-circlecolor:var(--awb-color6);\"><span class=\"icon-wrapper circle-yes\"><i class=\"fusion-li-icon fa-link fas\" aria-hidden=\"true\"><\/i><\/span><div class=\"fusion-li-item-content\">\n<p><strong><span class=\"ui-provider a b c d e f g h i j k l m n o p q r s t u v w x y z ab ac ae af ag ah ai aj ak\" dir=\"ltr\">Formulario para enviar la planilla de reporte de consumidores industriales<\/span><\/strong><\/p>\n<ul>\n<li><a href=\"https:\/\/forms.gle\/TKb8VnPrs8o5iUKh9\" target=\"_blank\" rel=\"noopener\">Link de acceso a formulario<\/a><\/li>\n<\/ul>\n<\/div><\/li><li class=\"fusion-li-item\" style=\"--awb-circlecolor:var(--awb-color6);\"><span class=\"icon-wrapper circle-yes\"><i class=\"fusion-li-icon fa-question-circle fas\" aria-hidden=\"true\"><\/i><\/span><div class=\"fusion-li-item-content\">\n<p><strong>Preguntas Frecuentes\u00a0<\/strong><\/p>\n<ul>\n<li><a href=\"https:\/\/transparencia.sma.gob.cl\/doc\/rep\/PreguntasFrecuentesSMAVF.pdf\" target=\"_blank\" rel=\"noopener\">Ver preguntas frecuentes<\/a><\/li>\n<\/ul>\n<\/div><\/li><\/ul><\/div><\/div><\/div><\/div>\n","protected":false},"excerpt":{"rendered":"","protected":false},"author":3,"featured_media":0,"parent":12414,"menu_order":0,"comment_status":"closed","ping_status":"closed","template":"","meta":{"footnotes":""},"class_list":["post-29921","page","type-page","status-publish","hentry"],"_links":{"self":[{"href":"https:\/\/portal.sma.gob.cl\/index.php\/wp-json\/wp\/v2\/pages\/29921","targetHints":{"allow":["GET"]}}],"collection":[{"href":"https:\/\/portal.sma.gob.cl\/index.php\/wp-json\/wp\/v2\/pages"}],"about":[{"href":"https:\/\/portal.sma.gob.cl\/index.php\/wp-json\/wp\/v2\/types\/page"}],"author":[{"embeddable":true,"href":"https:\/\/portal.sma.gob.cl\/index.php\/wp-json\/wp\/v2\/users\/3"}],"replies":[{"embeddable":true,"href":"https:\/\/portal.sma.gob.cl\/index.php\/wp-json\/wp\/v2\/comments?post=29921"}],"version-history":[{"count":22,"href":"https:\/\/portal.sma.gob.cl\/index.php\/wp-json\/wp\/v2\/pages\/29921\/revisions"}],"predecessor-version":[{"id":31142,"href":"https:\/\/portal.sma.gob.cl\/index.php\/wp-json\/wp\/v2\/pages\/29921\/revisions\/31142"}],"up":[{"embeddable":true,"href":"https:\/\/portal.sma.gob.cl\/index.php\/wp-json\/wp\/v2\/pages\/12414"}],"wp:attachment":[{"href":"https:\/\/portal.sma.gob.cl\/index.php\/wp-json\/wp\/v2\/media?parent=29921"}],"curies":[{"name":"wp","href":"https:\/\/api.w.org\/{rel}","templated":true}]}}