{"id":30699,"date":"2024-04-17T10:04:10","date_gmt":"2024-04-17T14:04:10","guid":{"rendered":"https:\/\/portal.sma.gob.cl\/?page_id=30699"},"modified":"2024-06-03T09:05:38","modified_gmt":"2024-06-03T13:05:38","slug":"cuenta-publica-2024","status":"publish","type":"page","link":"https:\/\/portal.sma.gob.cl\/index.php\/cuenta-publica-2024\/","title":{"rendered":"Cuenta P\u00fablica 2024"},"content":{"rendered":"<p><div class=\"fusion-fullwidth fullwidth-box fusion-builder-row-1 fusion-flex-container has-pattern-background has-mask-background nonhundred-percent-fullwidth non-hundred-percent-height-scrolling\" style=\"--awb-border-radius-top-left:0px;--awb-border-radius-top-right:0px;--awb-border-radius-bottom-right:0px;--awb-border-radius-bottom-left:0px;--awb-flex-wrap:wrap;\" ><div class=\"fusion-builder-row fusion-row fusion-flex-align-items-flex-start fusion-flex-content-wrap\" style=\"max-width:1144px;margin-left: calc(-4% \/ 2 );margin-right: calc(-4% \/ 2 );\"><div class=\"fusion-layout-column fusion_builder_column fusion-builder-column-0 fusion_builder_column_1_1 1_1 fusion-flex-column\" style=\"--awb-bg-size:cover;--awb-width-large:100%;--awb-margin-top-large:0px;--awb-spacing-right-large:1.92%;--awb-margin-bottom-large:20px;--awb-spacing-left-large:1.92%;--awb-width-medium:100%;--awb-order-medium:0;--awb-spacing-right-medium:1.92%;--awb-spacing-left-medium:1.92%;--awb-width-small:100%;--awb-order-small:0;--awb-spacing-right-small:1.92%;--awb-spacing-left-small:1.92%;\"><div class=\"fusion-column-wrapper fusion-column-has-shadow fusion-flex-justify-content-flex-start fusion-content-layout-column\"><div class=\"fusion-image-element \" style=\"text-align:center;--awb-caption-title-font-family:var(--h2_typography-font-family);--awb-caption-title-font-weight:var(--h2_typography-font-weight);--awb-caption-title-font-style:var(--h2_typography-font-style);--awb-caption-title-size:var(--h2_typography-font-size);--awb-caption-title-transform:var(--h2_typography-text-transform);--awb-caption-title-line-height:var(--h2_typography-line-height);--awb-caption-title-letter-spacing:var(--h2_typography-letter-spacing);\"><span class=\" fusion-imageframe imageframe-none imageframe-1 hover-type-none\"><img decoding=\"async\" width=\"2560\" height=\"762\" title=\"banner web\" src=\"https:\/\/portal.sma.gob.cl\/wp-content\/uploads\/2024\/04\/banner-web-scaled.jpg\" alt class=\"img-responsive wp-image-30701\" srcset=\"https:\/\/portal.sma.gob.cl\/wp-content\/uploads\/2024\/04\/banner-web-200x59.jpg 200w, https:\/\/portal.sma.gob.cl\/wp-content\/uploads\/2024\/04\/banner-web-400x119.jpg 400w, https:\/\/portal.sma.gob.cl\/wp-content\/uploads\/2024\/04\/banner-web-600x178.jpg 600w, https:\/\/portal.sma.gob.cl\/wp-content\/uploads\/2024\/04\/banner-web-800x238.jpg 800w, https:\/\/portal.sma.gob.cl\/wp-content\/uploads\/2024\/04\/banner-web-1200x357.jpg 1200w, https:\/\/portal.sma.gob.cl\/wp-content\/uploads\/2024\/04\/banner-web-scaled.jpg 2560w\" sizes=\"(max-width: 1024px) 100vw, (max-width: 640px) 100vw, 1200px\" \/><\/span><\/div><\/div><\/div><\/div><\/div><div class=\"fusion-fullwidth fullwidth-box fusion-builder-row-2 fusion-flex-container has-pattern-background has-mask-background nonhundred-percent-fullwidth non-hundred-percent-height-scrolling\" style=\"--awb-border-radius-top-left:0px;--awb-border-radius-top-right:0px;--awb-border-radius-bottom-right:0px;--awb-border-radius-bottom-left:0px;--awb-flex-wrap:wrap;\" ><div class=\"fusion-builder-row fusion-row fusion-flex-align-items-flex-start fusion-flex-content-wrap\" style=\"max-width:1144px;margin-left: calc(-4% \/ 2 );margin-right: calc(-4% \/ 2 );\"><div class=\"fusion-layout-column fusion_builder_column fusion-builder-column-1 fusion_builder_column_1_1 1_1 fusion-flex-column\" style=\"--awb-bg-size:cover;--awb-width-large:100%;--awb-margin-top-large:0px;--awb-spacing-right-large:1.92%;--awb-margin-bottom-large:20px;--awb-spacing-left-large:1.92%;--awb-width-medium:100%;--awb-order-medium:0;--awb-spacing-right-medium:1.92%;--awb-spacing-left-medium:1.92%;--awb-width-small:100%;--awb-order-small:0;--awb-spacing-right-small:1.92%;--awb-spacing-left-small:1.92%;\"><div class=\"fusion-column-wrapper fusion-column-has-shadow fusion-flex-justify-content-flex-start fusion-content-layout-column\"><div class=\"fusion-text fusion-text-1\"><p>El viernes 10 de mayo de 2024, la Superintendenta Marie Claude Plumer realiz\u00f3 la Cuenta P\u00fablica Participativa 2024 de la instituci\u00f3n. En la actividad, se expuso la gesti\u00f3n realizada en materia de fiscalizaci\u00f3n, gesti\u00f3n de denuncias, procedimientos sancionatorios, avances tecnol\u00f3gicos e implementaci\u00f3n de nuevas normativas, entre otras materias de inter\u00e9s para el p\u00fablico.<\/p>\n<p>\u00bfNo pudiste participar?\u00a0 <span style=\"text-decoration: underline;\"><a href=\"https:\/\/www.youtube.com\/live\/owrrL8T9KEQ?si=I2A-YSg10SrgsIV6\">Revive la presentaci\u00f3n en este link.<\/a><\/span><\/p>\n<p>Para descargar la presentaci\u00f3n, <span style=\"text-decoration: underline;\"><a href=\"https:\/\/portal.sma.gob.cl\/index.php\/download\/cuenta-publica-2024\/?wpdmdl=31667&amp;masterkey=OsybWzv9Op9NUTaLV3nF07fB1GtLgtfNUaaXPHrbWuYDgcdewAToNvmS7PCt0fx1GVzIF30P6OS912f1WCsS4MPmPmqWPCu-P15yike3me4\">haz click ac\u00e1.<\/a><\/span><\/p>\n<p>Si tienes alg\u00fan comentario o duda respecto de la gesti\u00f3n de la Superintendencia, <span style=\"text-decoration: underline;\"><a href=\"https:\/\/forms.office.com\/Pages\/ResponsePage.aspx?id=dNAV_gDsF0ipuY9y3ERv4_RM_gYUvWdNnPVK-aLge09UMFBWWDlXSDNVTlZQME1LRVlEWUZYUDZEQy4u\" target=\"_blank\" rel=\"noopener\">ingresa ac\u00e1.<\/a><\/span><\/p>\n<p>Una vez finalizada la Cuenta P\u00fablica Participativa 2024, se dispondr\u00e1 del material exhibido a trav\u00e9s de las distintas plataformas digitales de la SMA.<\/p>\n<\/div><div class=\"fusion-separator fusion-full-width-sep\" style=\"align-self: center;margin-left: auto;margin-right: auto;margin-bottom:10px;width:100%;\"><\/div><div class=\"fusion-text fusion-text-2\"><h3><strong>Calendario de actividades para el proceso de Cuenta P\u00fablica Participativa SMA<\/strong><\/h3>\n<\/div>\n<div class=\"table-1\">\n<table width=\"100%\">\n<thead>\n<tr>\n<th align=\"left\">Fecha<\/th>\n<th align=\"left\">Contenido<\/th>\n<\/tr>\n<\/thead>\n<tbody>\n<tr>\n<td align=\"left\"><strong>16 de abril<\/strong><\/td>\n<td align=\"left\">Presentaci\u00f3n borrador de la Cuenta P\u00fablica Participativa 2024 al COSOC &#8211; SMA.<\/td>\n<\/tr>\n<tr>\n<td align=\"left\"><strong>17 de abril<\/strong><\/td>\n<td align=\"left\">Publicaci\u00f3n borrador Cuenta P\u00fablica Participativa 2024 en el sitio web de la SMA.<\/td>\n<\/tr>\n<tr>\n<td align=\"left\"><strong>10 de mayo<\/strong><\/td>\n<td align=\"left\">Cuenta P\u00fablica Participativa SMA 2024 de manera presencial y transmitida v\u00eda YouTube.<\/td>\n<\/tr>\n<tr>\n<td align=\"left\"><strong>31 de mayo<\/strong><\/td>\n<td align=\"left\">Publicaci\u00f3n Informe Consolidado sobre Cuenta P\u00fablica Participativa 2023.<\/td>\n<\/tr>\n<\/tbody>\n<\/table>\n<\/div>\n<div class=\"fusion-separator fusion-full-width-sep\" style=\"align-self: center;margin-left: auto;margin-right: auto;margin-top:20px;margin-bottom:20px;width:100%;\"><\/div><div class=\"awb-gallery-wrapper awb-gallery-wrapper-1 button-span-no\" style=\"--more-btn-alignment:center;\"><div style=\"margin:-5px;--awb-bordersize:0px;\" class=\"fusion-gallery fusion-gallery-container fusion-grid-3 fusion-columns-total-6 fusion-gallery-layout-grid fusion-gallery-1\"><div style=\"padding:5px;\" class=\"fusion-grid-column fusion-gallery-column fusion-gallery-column-3 hover-type-none\"><div class=\"fusion-gallery-image\"><a href=\"https:\/\/portal.sma.gob.cl\/wp-content\/uploads\/2024\/05\/image00009-scaled.jpeg\" rel=\"noreferrer\" data-rel=\"iLightbox[gallery_image_1]\" class=\"fusion-lightbox\" target=\"_self\"><img decoding=\"async\" src=\"https:\/\/portal.sma.gob.cl\/wp-content\/uploads\/2024\/05\/image00009-scaled.jpeg\" width=\"2560\" height=\"1920\" alt=\"\" title=\"image00009\" aria-label=\"image00009\" class=\"img-responsive wp-image-31072\" srcset=\"https:\/\/portal.sma.gob.cl\/wp-content\/uploads\/2024\/05\/image00009-200x150.jpeg 200w, https:\/\/portal.sma.gob.cl\/wp-content\/uploads\/2024\/05\/image00009-400x300.jpeg 400w, https:\/\/portal.sma.gob.cl\/wp-content\/uploads\/2024\/05\/image00009-600x450.jpeg 600w, https:\/\/portal.sma.gob.cl\/wp-content\/uploads\/2024\/05\/image00009-800x600.jpeg 800w, https:\/\/portal.sma.gob.cl\/wp-content\/uploads\/2024\/05\/image00009-1200x900.jpeg 1200w, https:\/\/portal.sma.gob.cl\/wp-content\/uploads\/2024\/05\/image00009-scaled.jpeg 2560w\" sizes=\"(min-width: 2200px) 100vw, (min-width: 824px) 363px, (min-width: 732px) 545px, (min-width: 640px) 732px, \" \/><\/a><\/div><\/div><div style=\"padding:5px;\" class=\"fusion-grid-column fusion-gallery-column fusion-gallery-column-3 hover-type-none\"><div class=\"fusion-gallery-image\"><a href=\"https:\/\/portal.sma.gob.cl\/wp-content\/uploads\/2024\/05\/image00008-scaled.jpeg\" rel=\"noreferrer\" data-rel=\"iLightbox[gallery_image_1]\" class=\"fusion-lightbox\" target=\"_self\"><img decoding=\"async\" src=\"https:\/\/portal.sma.gob.cl\/wp-content\/uploads\/2024\/05\/image00008-scaled.jpeg\" width=\"2560\" height=\"1920\" alt=\"\" title=\"image00008\" aria-label=\"image00008\" class=\"img-responsive wp-image-31071\" srcset=\"https:\/\/portal.sma.gob.cl\/wp-content\/uploads\/2024\/05\/image00008-200x150.jpeg 200w, https:\/\/portal.sma.gob.cl\/wp-content\/uploads\/2024\/05\/image00008-400x300.jpeg 400w, https:\/\/portal.sma.gob.cl\/wp-content\/uploads\/2024\/05\/image00008-600x450.jpeg 600w, https:\/\/portal.sma.gob.cl\/wp-content\/uploads\/2024\/05\/image00008-800x600.jpeg 800w, https:\/\/portal.sma.gob.cl\/wp-content\/uploads\/2024\/05\/image00008-1200x900.jpeg 1200w, https:\/\/portal.sma.gob.cl\/wp-content\/uploads\/2024\/05\/image00008-scaled.jpeg 2560w\" sizes=\"(min-width: 2200px) 100vw, (min-width: 824px) 363px, (min-width: 732px) 545px, (min-width: 640px) 732px, \" \/><\/a><\/div><\/div><div style=\"padding:5px;\" class=\"fusion-grid-column fusion-gallery-column fusion-gallery-column-3 hover-type-none\"><div class=\"fusion-gallery-image\"><a href=\"https:\/\/portal.sma.gob.cl\/wp-content\/uploads\/2024\/05\/image00007-scaled.jpeg\" rel=\"noreferrer\" data-rel=\"iLightbox[gallery_image_1]\" class=\"fusion-lightbox\" target=\"_self\"><img decoding=\"async\" src=\"https:\/\/portal.sma.gob.cl\/wp-content\/uploads\/2024\/05\/image00007-scaled.jpeg\" width=\"2560\" height=\"1920\" alt=\"\" title=\"image00007\" aria-label=\"image00007\" class=\"img-responsive wp-image-31070\" srcset=\"https:\/\/portal.sma.gob.cl\/wp-content\/uploads\/2024\/05\/image00007-200x150.jpeg 200w, https:\/\/portal.sma.gob.cl\/wp-content\/uploads\/2024\/05\/image00007-400x300.jpeg 400w, https:\/\/portal.sma.gob.cl\/wp-content\/uploads\/2024\/05\/image00007-600x450.jpeg 600w, https:\/\/portal.sma.gob.cl\/wp-content\/uploads\/2024\/05\/image00007-800x600.jpeg 800w, https:\/\/portal.sma.gob.cl\/wp-content\/uploads\/2024\/05\/image00007-1200x900.jpeg 1200w, https:\/\/portal.sma.gob.cl\/wp-content\/uploads\/2024\/05\/image00007-scaled.jpeg 2560w\" sizes=\"(min-width: 2200px) 100vw, (min-width: 824px) 363px, (min-width: 732px) 545px, (min-width: 640px) 732px, \" \/><\/a><\/div><\/div><div class=\"clearfix\"><\/div><div style=\"padding:5px;\" class=\"fusion-grid-column fusion-gallery-column fusion-gallery-column-3 hover-type-none\"><div class=\"fusion-gallery-image\"><a href=\"https:\/\/portal.sma.gob.cl\/wp-content\/uploads\/2024\/05\/image00006-scaled.jpeg\" rel=\"noreferrer\" data-rel=\"iLightbox[gallery_image_1]\" class=\"fusion-lightbox\" target=\"_self\"><img decoding=\"async\" src=\"https:\/\/portal.sma.gob.cl\/wp-content\/uploads\/2024\/05\/image00006-scaled.jpeg\" width=\"2560\" height=\"1920\" alt=\"\" title=\"image00006\" aria-label=\"image00006\" class=\"img-responsive wp-image-31069\" srcset=\"https:\/\/portal.sma.gob.cl\/wp-content\/uploads\/2024\/05\/image00006-200x150.jpeg 200w, https:\/\/portal.sma.gob.cl\/wp-content\/uploads\/2024\/05\/image00006-400x300.jpeg 400w, https:\/\/portal.sma.gob.cl\/wp-content\/uploads\/2024\/05\/image00006-600x450.jpeg 600w, https:\/\/portal.sma.gob.cl\/wp-content\/uploads\/2024\/05\/image00006-800x600.jpeg 800w, https:\/\/portal.sma.gob.cl\/wp-content\/uploads\/2024\/05\/image00006-1200x900.jpeg 1200w, https:\/\/portal.sma.gob.cl\/wp-content\/uploads\/2024\/05\/image00006-scaled.jpeg 2560w\" sizes=\"(min-width: 2200px) 100vw, (min-width: 824px) 363px, (min-width: 732px) 545px, (min-width: 640px) 732px, \" \/><\/a><\/div><\/div><div style=\"padding:5px;\" class=\"fusion-grid-column fusion-gallery-column fusion-gallery-column-3 hover-type-none\"><div class=\"fusion-gallery-image\"><a href=\"https:\/\/portal.sma.gob.cl\/wp-content\/uploads\/2024\/05\/image00005-1-scaled.jpeg\" rel=\"noreferrer\" data-rel=\"iLightbox[gallery_image_1]\" class=\"fusion-lightbox\" target=\"_self\"><img decoding=\"async\" src=\"https:\/\/portal.sma.gob.cl\/wp-content\/uploads\/2024\/05\/image00005-1-scaled.jpeg\" width=\"2560\" height=\"1920\" alt=\"\" title=\"image00005\" aria-label=\"image00005\" class=\"img-responsive wp-image-31068\" srcset=\"https:\/\/portal.sma.gob.cl\/wp-content\/uploads\/2024\/05\/image00005-1-200x150.jpeg 200w, https:\/\/portal.sma.gob.cl\/wp-content\/uploads\/2024\/05\/image00005-1-400x300.jpeg 400w, https:\/\/portal.sma.gob.cl\/wp-content\/uploads\/2024\/05\/image00005-1-600x450.jpeg 600w, https:\/\/portal.sma.gob.cl\/wp-content\/uploads\/2024\/05\/image00005-1-800x600.jpeg 800w, https:\/\/portal.sma.gob.cl\/wp-content\/uploads\/2024\/05\/image00005-1-1200x900.jpeg 1200w, https:\/\/portal.sma.gob.cl\/wp-content\/uploads\/2024\/05\/image00005-1-scaled.jpeg 2560w\" sizes=\"(min-width: 2200px) 100vw, (min-width: 824px) 363px, (min-width: 732px) 545px, (min-width: 640px) 732px, \" \/><\/a><\/div><\/div><div style=\"padding:5px;\" class=\"fusion-grid-column fusion-gallery-column fusion-gallery-column-3 hover-type-none\"><div class=\"fusion-gallery-image\"><a href=\"https:\/\/portal.sma.gob.cl\/wp-content\/uploads\/2024\/05\/image00004-1-scaled.jpeg\" rel=\"noreferrer\" data-rel=\"iLightbox[gallery_image_1]\" class=\"fusion-lightbox\" target=\"_self\"><img decoding=\"async\" src=\"https:\/\/portal.sma.gob.cl\/wp-content\/uploads\/2024\/05\/image00004-1-scaled.jpeg\" width=\"2560\" height=\"1920\" alt=\"\" title=\"image00004\" aria-label=\"image00004\" class=\"img-responsive wp-image-31067\" srcset=\"https:\/\/portal.sma.gob.cl\/wp-content\/uploads\/2024\/05\/image00004-1-200x150.jpeg 200w, https:\/\/portal.sma.gob.cl\/wp-content\/uploads\/2024\/05\/image00004-1-400x300.jpeg 400w, https:\/\/portal.sma.gob.cl\/wp-content\/uploads\/2024\/05\/image00004-1-600x450.jpeg 600w, https:\/\/portal.sma.gob.cl\/wp-content\/uploads\/2024\/05\/image00004-1-800x600.jpeg 800w, https:\/\/portal.sma.gob.cl\/wp-content\/uploads\/2024\/05\/image00004-1-1200x900.jpeg 1200w, https:\/\/portal.sma.gob.cl\/wp-content\/uploads\/2024\/05\/image00004-1-scaled.jpeg 2560w\" sizes=\"(min-width: 2200px) 100vw, (min-width: 824px) 363px, (min-width: 732px) 545px, (min-width: 640px) 732px, \" \/><\/a><\/div><\/div><div class=\"clearfix\"><\/div><\/div><\/div><\/div><\/div><\/div><\/div><\/p>\n","protected":false},"excerpt":{"rendered":"","protected":false},"author":3,"featured_media":0,"parent":0,"menu_order":0,"comment_status":"closed","ping_status":"closed","template":"","meta":{"footnotes":""},"class_list":["post-30699","page","type-page","status-publish","hentry"],"_links":{"self":[{"href":"https:\/\/portal.sma.gob.cl\/index.php\/wp-json\/wp\/v2\/pages\/30699","targetHints":{"allow":["GET"]}}],"collection":[{"href":"https:\/\/portal.sma.gob.cl\/index.php\/wp-json\/wp\/v2\/pages"}],"about":[{"href":"https:\/\/portal.sma.gob.cl\/index.php\/wp-json\/wp\/v2\/types\/page"}],"author":[{"embeddable":true,"href":"https:\/\/portal.sma.gob.cl\/index.php\/wp-json\/wp\/v2\/users\/3"}],"replies":[{"embeddable":true,"href":"https:\/\/portal.sma.gob.cl\/index.php\/wp-json\/wp\/v2\/comments?post=30699"}],"version-history":[{"count":18,"href":"https:\/\/portal.sma.gob.cl\/index.php\/wp-json\/wp\/v2\/pages\/30699\/revisions"}],"predecessor-version":[{"id":31672,"href":"https:\/\/portal.sma.gob.cl\/index.php\/wp-json\/wp\/v2\/pages\/30699\/revisions\/31672"}],"wp:attachment":[{"href":"https:\/\/portal.sma.gob.cl\/index.php\/wp-json\/wp\/v2\/media?parent=30699"}],"curies":[{"name":"wp","href":"https:\/\/api.w.org\/{rel}","templated":true}]}}