{"id":34469,"date":"2025-02-24T16:07:01","date_gmt":"2025-02-24T19:07:01","guid":{"rendered":"https:\/\/portal.sma.gob.cl\/?page_id=34469"},"modified":"2025-03-11T08:50:17","modified_gmt":"2025-03-11T11:50:17","slug":"que-es-el-acuerdo-de-escazu","status":"publish","type":"page","link":"https:\/\/portal.sma.gob.cl\/index.php\/escazu-2025\/que-es-el-acuerdo-de-escazu\/","title":{"rendered":"\u00bfQu\u00e9 es el acuerdo de Escaz\u00fa?"},"content":{"rendered":"<p><div class=\"fusion-bg-parallax\" data-bg-align=\"left top\" data-direction=\"up\" data-mute=\"false\" data-opacity=\"100\" data-velocity=\"-0.3\" data-mobile-enabled=\"false\" data-break_parents=\"0\" data-bg-image=\"https:\/\/portal.sma.gob.cl\/wp-content\/uploads\/2025\/02\/arbol.jpg\" data-bg-repeat=\"false\" data-bg-gradient-type=\"linear\" data-bg-gradient-angle=\"58\" data-bg-gradient-start-color=\"#6f920f\" data-bg-gradient-start-position=\"13\" data-bg-gradient-end-color=\"rgba(22,50,119,0)\" data-bg-gradient-end-position=\"57\" data-bg-radial-direction=\"center center\" ><\/div><div class=\"fusion-fullwidth fullwidth-box fusion-builder-row-1 fusion-flex-container has-pattern-background has-mask-background fusion-parallax-up nonhundred-percent-fullwidth non-hundred-percent-height-scrolling\" style=\"--awb-background-position:left top;--awb-border-sizes-top:0;--awb-border-sizes-bottom:10px;--awb-border-sizes-left:0;--awb-border-sizes-right:0;--awb-border-color:#05a191;--awb-border-radius-top-left:0px;--awb-border-radius-top-right:0px;--awb-border-radius-bottom-right:0px;--awb-border-radius-bottom-left:0px;--awb-padding-right-small:7vh;--awb-padding-left-small:7vh;--awb-background-image:linear-gradient(58deg, #6f920f 13%,rgba(22,50,119,0) 57%),url(https:\/\/portal.sma.gob.cl\/wp-content\/uploads\/2025\/02\/arbol.jpg);;--awb-background-size:contain;--awb-flex-wrap:wrap;\" ><div class=\"fusion-builder-row fusion-row fusion-flex-align-items-flex-start fusion-flex-content-wrap\" style=\"max-width:1144px;margin-left: calc(-4% \/ 2 );margin-right: calc(-4% \/ 2 );\"><div class=\"fusion-layout-column fusion_builder_column fusion-builder-column-0 fusion_builder_column_2_3 2_3 fusion-flex-column fusion-animated\" style=\"--awb-padding-top:8vh;--awb-padding-bottom:8vh;--awb-padding-top-medium:10vh;--awb-padding-bottom-medium:10vh;--awb-padding-top-small:8vh;--awb-padding-right-small:2vh;--awb-padding-bottom-small:0px;--awb-padding-left-small:2vh;--awb-bg-size:cover;--awb-width-large:66.666666666667%;--awb-margin-top-large:0px;--awb-spacing-right-large:2.88%;--awb-margin-bottom-large:0px;--awb-spacing-left-large:2.88%;--awb-width-medium:50%;--awb-order-medium:0;--awb-spacing-right-medium:3.84%;--awb-spacing-left-medium:3.84%;--awb-width-small:100%;--awb-order-small:0;--awb-spacing-right-small:1.92%;--awb-spacing-left-small:1.92%;\" data-animationType=\"fadeInLeft\" data-animationDuration=\"1.0\" data-animationOffset=\"top-into-view\" data-scroll-devices=\"small-visibility,medium-visibility,large-visibility\"><div class=\"fusion-column-wrapper fusion-column-has-shadow fusion-flex-justify-content-flex-start fusion-content-layout-row\"><div class=\"fusion-text fusion-text-1\" style=\"--awb-font-size:26px;--awb-line-height:1.5em;--awb-text-color:var(--awb-color1);--awb-text-font-family:&quot;museo-sans-rounded&quot;;--awb-text-font-style:normal;--awb-text-font-weight:700;\"><p>Inicio &gt; <strong>Acuerdo de Escaz\u00fa<\/strong><\/p>\n<\/div><\/div><\/div><\/div><\/div><div class=\"fusion-fullwidth fullwidth-box fusion-builder-row-2 has-pattern-background has-mask-background nonhundred-percent-fullwidth non-hundred-percent-height-scrolling\" style=\"--awb-border-radius-top-left:0px;--awb-border-radius-top-right:0px;--awb-border-radius-bottom-right:0px;--awb-border-radius-bottom-left:0px;--awb-padding-top:40px;--awb-margin-bottom:40px;--awb-flex-wrap:wrap;\" ><div class=\"fusion-builder-row fusion-row\"><div class=\"fusion-layout-column fusion_builder_column fusion-builder-column-1 awb-sticky awb-sticky-small awb-sticky-medium awb-sticky-large fusion_builder_column_3_5 3_5 fusion-three-fifth fusion-column-first\" style=\"--awb-padding-top:40px;--awb-padding-bottom:40px;--awb-padding-top-medium:60px;--awb-padding-bottom-medium:60px;--awb-padding-top-small:20px;--awb-bg-size:cover;--awb-margin-bottom:0px;--awb-sticky-offset:100px;width:60%;width:calc(60% - ( ( 4% ) * 0.6 ) );margin-right: 4%;\" data-scroll-devices=\"small-visibility,medium-visibility,large-visibility\"><div class=\"fusion-column-wrapper fusion-column-has-shadow fusion-flex-column-wrapper-legacy\"><div class=\"fusion-title title fusion-title-1 fusion-sep-none fusion-title-text fusion-title-size-two\" style=\"--awb-text-color:#6f920f;--awb-margin-bottom:25px;--awb-margin-top-small:0px;--awb-margin-right-small:0px;--awb-margin-bottom-small:20px;--awb-margin-left-small:0px;--awb-font-size:43px;\"><h2 class=\"fusion-title-heading title-heading-left fusion-responsive-typography-calculated\" style=\"font-family:&quot;Roboto&quot;;font-style:normal;font-weight:800;margin:0;font-size:1em;--fontSize:43;line-height:1.35;\">\u00bfQu\u00e9 es el acuerdo de Escaz\u00fa?<\/h2><\/div><div class=\"fusion-text fusion-text-2\" style=\"--awb-font-size:17px;\"><p>El Acuerdo Regional sobre Acceso a la Informaci\u00f3n, la Participaci\u00f3n P\u00fablica y el Acceso a la Justicia en Asuntos Ambientales en Am\u00e9rica Latina, adoptado el 4 de marzo de 2018 en Costa Rica, es el primer tratado ambiental de Am\u00e9rica Latina y el Caribe y el \u00fanico en el mundo que incluye medidas espec\u00edficas para proteger a las personas defensoras de derechos humanos en temas ambientales. El acuerdo, surgi\u00f3 para fortalecer la implementaci\u00f3n de los derechos de acceso establecidos en el Principio 10 de la Declaraci\u00f3n de R\u00edo, que permiten abordar conflictos socioambientales desde su origen y promueven decisiones respaldadas por la ciudadan\u00eda, contribuyendo a la paz social y el desarrollo sostenible.<\/p>\n<p>Con 24 pa\u00edses firmantes y 16 Estados Parte, el Acuerdo busca reforzar la democracia ambiental, los derechos humanos y la protecci\u00f3n del medioambiente, apoyando adem\u00e1s el cumplimiento de la Agenda 2030 para el Desarrollo Sostenible. Su m\u00e1ximo \u00f3rgano, la Conferencia de las Partes (COPS), supervisa su implementaci\u00f3n y asegura la participaci\u00f3n p\u00fablica en su evaluaci\u00f3n.<\/p>\n<p><span style=\"text-decoration: underline;\"><strong>En Chile<\/strong><\/span><\/p>\n<p>Chile, como Estado Parte del Acuerdo de Escaz\u00fa desde el 11 de septiembre de 2022, ha trabajado con el Programa de Naciones Unidas para el Medio Ambiente (PNUMA) para evaluar el cumplimiento de los derechos de acceso a la informaci\u00f3n, participaci\u00f3n y justicia ambiental, y la protecci\u00f3n de los defensores ambientales. Adem\u00e1s, con apoyo de la CEPAL se cre\u00f3 un mapa de actores y una propuesta de gobernanza interinstitucional.<\/p>\n<p>En 2023, el Ministerio del Medio Ambiente comenz\u00f3 a elaborar el Plan Nacional de Implementaci\u00f3n Participativa del Acuerdo de Escaz\u00fa Chile 2024-2030 (PIPE), con la participaci\u00f3n ciudadana para identificar brechas y definir medidas prioritarias. Tras un proceso participativo y una consulta p\u00fablica, el plan fue aprobado el 15 de abril de 2024.<\/p>\n<p><span style=\"text-decoration: underline;\"><strong>El Plan se organiza en cinco \u00e1reas clave:<\/strong><\/span><\/p>\n<ul>\n<li>Acceso a la informaci\u00f3n ambiental<\/li>\n<li>Participaci\u00f3n en decisiones<\/li>\n<li>Acceso a la justicia ambiental<\/li>\n<li>Protecci\u00f3n de defensores y defensoras ambientales<\/li>\n<li>Fortalecimiento de capacidades y cooperaci\u00f3n<\/li>\n<\/ul>\n<p>Actualmente, se trabaja en la instalaci\u00f3n del mecanismo de ejecuci\u00f3n y control del plan, que incluir\u00e1 la difusi\u00f3n de avances y la creaci\u00f3n de una Gobernanza de Escaz\u00fa para su seguimiento.<\/p>\n<\/div><div class=\"fusion-button-wrapper\"><a class=\"fusion-button button-flat button-large button-custom fusion-button-default button-1 fusion-button-default-span fusion-button-default-type\" style=\"--awb-margin-top:20px;--button_accent_color:rgba(255,255,255,0.8);--button_accent_hover_color:rgba(255,255,255,0.9);--button_border_hover_color:rgba(255,255,255,0.9);--button-border-radius-top-left:5px;--button-border-radius-top-right:5px;--button-border-radius-bottom-right:5px;--button-border-radius-bottom-left:5px;--button_gradient_top_color:#8eb73d;--button_gradient_bottom_color:#8eb73d;--button_gradient_top_color_hover:#96c346;--button_gradient_bottom_color_hover:#96c346;--button_typography-font-family:&quot;Roboto&quot;;--button_typography-font-style:normal;--button_typography-font-weight:700;\" target=\"_self\" href=\"https:\/\/mma.gob.cl\/wp-content\/uploads\/2023\/03\/Acuerdo-de-Escazu.pdf\"><i class=\"fa-leaf fas awb-button__icon awb-button__icon--default button-icon-left\" aria-hidden=\"true\"><\/i><span class=\"fusion-button-text awb-button__text awb-button__text--default\">Descarga el Acuerdo de Escaz\u00fa<\/span><\/a><\/div><div class=\"fusion-clearfix\"><\/div><\/div><\/div><div class=\"fusion-layout-column fusion_builder_column fusion-builder-column-2 fusion_builder_column_2_5 2_5 fusion-two-fifth fusion-column-last fusion-animated\" style=\"--awb-padding-top:40px;--awb-padding-bottom:40px;--awb-padding-top-medium:10vh;--awb-padding-bottom-medium:10vh;--awb-padding-top-small:8vh;--awb-padding-right-small:2vh;--awb-padding-bottom-small:0px;--awb-padding-left-small:2vh;--awb-bg-size:cover;--awb-margin-bottom:0px;width:40%;width:calc(40% - ( ( 4% ) * 0.4 ) );\" data-animationType=\"fadeInLeft\" data-animationDuration=\"1.0\" data-animationOffset=\"top-into-view\" data-scroll-devices=\"small-visibility,medium-visibility,large-visibility\"><div class=\"fusion-column-wrapper fusion-column-has-shadow fusion-flex-column-wrapper-legacy\"><div class=\"fusion-image-element in-legacy-container\" style=\"--awb-aspect-ratio:1 \/ 1;--awb-object-position:72% 43%;--awb-caption-title-font-family:var(--h2_typography-font-family);--awb-caption-title-font-weight:var(--h2_typography-font-weight);--awb-caption-title-font-style:var(--h2_typography-font-style);--awb-caption-title-size:var(--h2_typography-font-size);--awb-caption-title-transform:var(--h2_typography-text-transform);--awb-caption-title-line-height:var(--h2_typography-line-height);--awb-caption-title-letter-spacing:var(--h2_typography-letter-spacing);\"><span class=\" fusion-imageframe imageframe-none imageframe-1 hover-type-none has-aspect-ratio\" style=\"border-radius:10px;\"><img decoding=\"async\" width=\"1000\" height=\"600\" src=\"https:\/\/portal.sma.gob.cl\/wp-content\/uploads\/2025\/02\/losma.jpeg\" class=\"img-responsive wp-image-34582 img-with-aspect-ratio\" data-parent-fit=\"cover\" data-parent-container=\".fusion-image-element\" alt srcset=\"https:\/\/portal.sma.gob.cl\/wp-content\/uploads\/2025\/02\/losma-200x120.jpeg 200w, https:\/\/portal.sma.gob.cl\/wp-content\/uploads\/2025\/02\/losma-400x240.jpeg 400w, https:\/\/portal.sma.gob.cl\/wp-content\/uploads\/2025\/02\/losma-600x360.jpeg 600w, https:\/\/portal.sma.gob.cl\/wp-content\/uploads\/2025\/02\/losma-800x480.jpeg 800w, https:\/\/portal.sma.gob.cl\/wp-content\/uploads\/2025\/02\/losma.jpeg 1000w\" sizes=\"(max-width: 800px) 100vw, 600px\" \/><\/span><\/div><div class=\"fusion-sep-clear\"><\/div><div class=\"fusion-separator fusion-full-width-sep\" style=\"margin-left: auto;margin-right: auto;margin-top:20px;margin-bottom:20px;width:100%;\"><\/div><div class=\"fusion-sep-clear\"><\/div><div class=\"fusion-image-element in-legacy-container\" style=\"--awb-aspect-ratio:1 \/ 1;--awb-caption-title-font-family:var(--h2_typography-font-family);--awb-caption-title-font-weight:var(--h2_typography-font-weight);--awb-caption-title-font-style:var(--h2_typography-font-style);--awb-caption-title-size:var(--h2_typography-font-size);--awb-caption-title-transform:var(--h2_typography-text-transform);--awb-caption-title-line-height:var(--h2_typography-line-height);--awb-caption-title-letter-spacing:var(--h2_typography-letter-spacing);\"><span class=\" fusion-imageframe imageframe-none imageframe-2 hover-type-none has-aspect-ratio\" style=\"border-radius:10px;\"><img decoding=\"async\" width=\"1000\" height=\"600\" src=\"https:\/\/portal.sma.gob.cl\/wp-content\/uploads\/2025\/02\/cosoc225.jpg\" class=\"img-responsive wp-image-34665 img-with-aspect-ratio\" data-parent-fit=\"cover\" data-parent-container=\".fusion-image-element\" alt srcset=\"https:\/\/portal.sma.gob.cl\/wp-content\/uploads\/2025\/02\/cosoc225-200x120.jpg 200w, https:\/\/portal.sma.gob.cl\/wp-content\/uploads\/2025\/02\/cosoc225-400x240.jpg 400w, https:\/\/portal.sma.gob.cl\/wp-content\/uploads\/2025\/02\/cosoc225-600x360.jpg 600w, https:\/\/portal.sma.gob.cl\/wp-content\/uploads\/2025\/02\/cosoc225-800x480.jpg 800w, https:\/\/portal.sma.gob.cl\/wp-content\/uploads\/2025\/02\/cosoc225.jpg 1000w\" sizes=\"(max-width: 800px) 100vw, 600px\" \/><\/span><\/div><div class=\"fusion-sep-clear\"><\/div><div class=\"fusion-separator fusion-full-width-sep\" style=\"margin-left: auto;margin-right: auto;margin-top:20px;margin-bottom:20px;width:100%;\"><\/div><div class=\"fusion-sep-clear\"><\/div><div class=\"fusion-image-element in-legacy-container\" style=\"--awb-aspect-ratio:1 \/ 1;--awb-object-position:55% 58%;--awb-caption-title-font-family:var(--h2_typography-font-family);--awb-caption-title-font-weight:var(--h2_typography-font-weight);--awb-caption-title-font-style:var(--h2_typography-font-style);--awb-caption-title-size:var(--h2_typography-font-size);--awb-caption-title-transform:var(--h2_typography-text-transform);--awb-caption-title-line-height:var(--h2_typography-line-height);--awb-caption-title-letter-spacing:var(--h2_typography-letter-spacing);\"><span class=\" fusion-imageframe imageframe-none imageframe-3 hover-type-none has-aspect-ratio\" style=\"border-radius:10px;\"><img decoding=\"async\" width=\"1500\" height=\"1229\" src=\"https:\/\/portal.sma.gob.cl\/wp-content\/uploads\/2025\/03\/tierra.jpg\" class=\"img-responsive wp-image-34895 img-with-aspect-ratio\" data-parent-fit=\"cover\" data-parent-container=\".fusion-image-element\" alt srcset=\"https:\/\/portal.sma.gob.cl\/wp-content\/uploads\/2025\/03\/tierra-200x164.jpg 200w, https:\/\/portal.sma.gob.cl\/wp-content\/uploads\/2025\/03\/tierra-400x328.jpg 400w, https:\/\/portal.sma.gob.cl\/wp-content\/uploads\/2025\/03\/tierra-600x492.jpg 600w, https:\/\/portal.sma.gob.cl\/wp-content\/uploads\/2025\/03\/tierra-800x655.jpg 800w, https:\/\/portal.sma.gob.cl\/wp-content\/uploads\/2025\/03\/tierra-1200x983.jpg 1200w, https:\/\/portal.sma.gob.cl\/wp-content\/uploads\/2025\/03\/tierra.jpg 1500w\" sizes=\"(max-width: 800px) 100vw, 600px\" \/><\/span><\/div><div class=\"fusion-sep-clear\"><\/div><div class=\"fusion-separator fusion-full-width-sep\" style=\"margin-left: auto;margin-right: auto;margin-top:20px;margin-bottom:20px;width:100%;\"><\/div><div class=\"fusion-sep-clear\"><\/div><div class=\"fusion-clearfix\"><\/div><\/div><\/div><\/div><\/div><\/p>\n","protected":false},"excerpt":{"rendered":"","protected":false},"author":3,"featured_media":0,"parent":34182,"menu_order":0,"comment_status":"closed","ping_status":"closed","template":"100-width.php","meta":{"footnotes":""},"class_list":["post-34469","page","type-page","status-publish","hentry"],"_links":{"self":[{"href":"https:\/\/portal.sma.gob.cl\/index.php\/wp-json\/wp\/v2\/pages\/34469","targetHints":{"allow":["GET"]}}],"collection":[{"href":"https:\/\/portal.sma.gob.cl\/index.php\/wp-json\/wp\/v2\/pages"}],"about":[{"href":"https:\/\/portal.sma.gob.cl\/index.php\/wp-json\/wp\/v2\/types\/page"}],"author":[{"embeddable":true,"href":"https:\/\/portal.sma.gob.cl\/index.php\/wp-json\/wp\/v2\/users\/3"}],"replies":[{"embeddable":true,"href":"https:\/\/portal.sma.gob.cl\/index.php\/wp-json\/wp\/v2\/comments?post=34469"}],"version-history":[{"count":60,"href":"https:\/\/portal.sma.gob.cl\/index.php\/wp-json\/wp\/v2\/pages\/34469\/revisions"}],"predecessor-version":[{"id":34921,"href":"https:\/\/portal.sma.gob.cl\/index.php\/wp-json\/wp\/v2\/pages\/34469\/revisions\/34921"}],"up":[{"embeddable":true,"href":"https:\/\/portal.sma.gob.cl\/index.php\/wp-json\/wp\/v2\/pages\/34182"}],"wp:attachment":[{"href":"https:\/\/portal.sma.gob.cl\/index.php\/wp-json\/wp\/v2\/media?parent=34469"}],"curies":[{"name":"wp","href":"https:\/\/api.w.org\/{rel}","templated":true}]}}