{"id":34515,"date":"2025-02-26T10:40:27","date_gmt":"2025-02-26T13:40:27","guid":{"rendered":"https:\/\/portal.sma.gob.cl\/?page_id=34515"},"modified":"2025-03-20T14:44:48","modified_gmt":"2025-03-20T17:44:48","slug":"cooperacion-2","status":"publish","type":"page","link":"https:\/\/portal.sma.gob.cl\/index.php\/escazu-2025\/cooperacion-2\/","title":{"rendered":"Cooperaci\u00f3n"},"content":{"rendered":"<p><div class=\"fusion-bg-parallax\" data-bg-align=\"left top\" data-direction=\"up\" data-mute=\"false\" data-opacity=\"100\" data-velocity=\"-0.3\" data-mobile-enabled=\"false\" data-break_parents=\"0\" data-bg-image=\"https:\/\/portal.sma.gob.cl\/wp-content\/uploads\/2025\/02\/arbol.jpg\" data-bg-repeat=\"false\" data-bg-gradient-type=\"linear\" data-bg-gradient-angle=\"58\" data-bg-gradient-start-color=\"#6f920f\" data-bg-gradient-start-position=\"13\" data-bg-gradient-end-color=\"rgba(22,50,119,0)\" data-bg-gradient-end-position=\"57\" data-bg-radial-direction=\"center center\" ><\/div><div class=\"fusion-fullwidth fullwidth-box fusion-builder-row-1 fusion-flex-container has-pattern-background has-mask-background fusion-parallax-up nonhundred-percent-fullwidth non-hundred-percent-height-scrolling\" style=\"--awb-background-position:left top;--awb-border-sizes-top:0;--awb-border-sizes-bottom:10px;--awb-border-sizes-left:0;--awb-border-sizes-right:0;--awb-border-color:#05a191;--awb-border-radius-top-left:0px;--awb-border-radius-top-right:0px;--awb-border-radius-bottom-right:0px;--awb-border-radius-bottom-left:0px;--awb-padding-right-small:7vh;--awb-padding-left-small:7vh;--awb-background-image:linear-gradient(58deg, #6f920f 13%,rgba(22,50,119,0) 57%),url(https:\/\/portal.sma.gob.cl\/wp-content\/uploads\/2025\/02\/arbol.jpg);;--awb-background-size:contain;--awb-flex-wrap:wrap;\" ><div class=\"fusion-builder-row fusion-row fusion-flex-align-items-flex-start fusion-flex-content-wrap\" style=\"max-width:1144px;margin-left: calc(-4% \/ 2 );margin-right: calc(-4% \/ 2 );\"><div class=\"fusion-layout-column fusion_builder_column fusion-builder-column-0 fusion_builder_column_2_3 2_3 fusion-flex-column\" style=\"--awb-padding-top:8vh;--awb-padding-bottom:8vh;--awb-padding-top-medium:10vh;--awb-padding-bottom-medium:10vh;--awb-padding-top-small:8vh;--awb-padding-right-small:2vh;--awb-padding-bottom-small:0px;--awb-padding-left-small:2vh;--awb-bg-size:cover;--awb-width-large:66.666666666667%;--awb-margin-top-large:0px;--awb-spacing-right-large:2.88%;--awb-margin-bottom-large:0px;--awb-spacing-left-large:2.88%;--awb-width-medium:50%;--awb-order-medium:0;--awb-spacing-right-medium:3.84%;--awb-spacing-left-medium:3.84%;--awb-width-small:100%;--awb-order-small:0;--awb-spacing-right-small:1.92%;--awb-spacing-left-small:1.92%;\" data-scroll-devices=\"small-visibility,medium-visibility,large-visibility\"><div class=\"fusion-column-wrapper fusion-column-has-shadow fusion-flex-justify-content-flex-start fusion-content-layout-row\"><div class=\"fusion-text fusion-text-1\" style=\"--awb-font-size:26px;--awb-line-height:1.5em;--awb-text-color:var(--awb-color1);--awb-text-font-family:&quot;museo-sans-rounded&quot;;--awb-text-font-style:normal;--awb-text-font-weight:700;\"><p>Acuerdo de Escaz\u00fa &gt; <strong>Cooperaci\u00f3n<\/strong><\/p>\n<\/div><\/div><\/div><\/div><\/div><div class=\"fusion-fullwidth fullwidth-box fusion-builder-row-2 has-pattern-background has-mask-background nonhundred-percent-fullwidth non-hundred-percent-height-scrolling\" style=\"--awb-border-radius-top-left:0px;--awb-border-radius-top-right:0px;--awb-border-radius-bottom-right:0px;--awb-border-radius-bottom-left:0px;--awb-padding-top:40px;--awb-margin-bottom:40px;--awb-flex-wrap:wrap;\" ><div class=\"fusion-builder-row fusion-row\"><div class=\"fusion-layout-column fusion_builder_column fusion-builder-column-1 fusion_builder_column_3_5 3_5 fusion-three-fifth fusion-column-first\" style=\"--awb-padding-top:40px;--awb-padding-bottom:40px;--awb-padding-top-medium:60px;--awb-padding-bottom-medium:60px;--awb-padding-top-small:20px;--awb-bg-size:cover;--awb-margin-bottom:0px;width:60%;width:calc(60% - ( ( 4% ) * 0.6 ) );margin-right: 4%;\" data-scroll-devices=\"small-visibility,medium-visibility,large-visibility\"><div class=\"fusion-column-wrapper fusion-column-has-shadow fusion-flex-column-wrapper-legacy\"><div class=\"fusion-title title fusion-title-1 fusion-sep-none fusion-title-text fusion-title-size-two\" style=\"--awb-text-color:#6f920f;--awb-margin-bottom:25px;--awb-margin-top-small:0px;--awb-margin-right-small:0px;--awb-margin-bottom-small:20px;--awb-margin-left-small:0px;--awb-font-size:43px;\"><h2 class=\"fusion-title-heading title-heading-left fusion-responsive-typography-calculated\" style=\"font-family:&quot;Roboto&quot;;font-style:normal;font-weight:800;margin:0;font-size:1em;--fontSize:43;line-height:1.35;\">Cooperaci\u00f3n<\/h2><\/div><div class=\"fusion-text fusion-text-2\" style=\"--awb-font-size:17px;\"><p>En 2024, la Superintendencia del Medio Ambiente realiz\u00f3 un intercambio de experiencias con la Procuradur\u00eda Federal de Protecci\u00f3n Ambiental (PROFEPA) de M\u00e9xico en relaci\u00f3n a la implementaci\u00f3n del Acuerdo de Escaz\u00fa.<\/p>\n<p>El intercambio cont\u00f3 con 9 sesiones virtuales donde se revisaron 6 art\u00edculos del Acuerdo, obteniendo un diagn\u00f3stico de las acciones que ambas instituciones han implementado, identificando retos y oportunidades de mejora en el acceso a la informaci\u00f3n, a la participaci\u00f3n p\u00fablica y a la justicia ambiental. <strong>Los temas discutidos durante las sesiones fueron los siguientes:<\/strong><\/p>\n<ul>\n<li>Marcos normativos y operativos para la implementaci\u00f3n del Acuerdo de Escaz\u00fa en ambos pa\u00edses.<\/li>\n<li>Acceso a la informaci\u00f3n ambiental.<\/li>\n<li>Generaci\u00f3n y divulgaci\u00f3n de la informaci\u00f3n ambiental.<\/li>\n<li>Participaci\u00f3n p\u00fablica en los procesos de toma de decisiones ambientales.<\/li>\n<li>Acceso a la justicia en asuntos ambientales.<\/li>\n<li>Defensores de los derechos humanos en asuntos ambientales.<\/li>\n<li>Fortalecimiento de capacidades.<\/li>\n<\/ul>\n<p>De esta experiencia, destaca la presentaci\u00f3n de los resultados en el Di\u00e1logo Regional de Pol\u00edtica sobre Licenciamiento y Cumplimiento Ambiental y Social, realizado en Santiago de Chile del 14 al 18 de octubre del 2024. En esa oportunidad la exposici\u00f3n fue realizada por representantes de PROFEPA.<\/p>\n<\/div><div class=\"fusion-button-wrapper\"><a class=\"fusion-button button-flat button-large button-custom fusion-button-default button-1 fusion-button-default-span fusion-button-default-type\" style=\"--awb-margin-top:20px;--button_accent_color:rgba(255,255,255,0.8);--button_accent_hover_color:rgba(255,255,255,0.9);--button_border_hover_color:rgba(255,255,255,0.9);--button-border-radius-top-left:5px;--button-border-radius-top-right:5px;--button-border-radius-bottom-right:5px;--button-border-radius-bottom-left:5px;--button_gradient_top_color:#8eb73d;--button_gradient_bottom_color:#8eb73d;--button_gradient_top_color_hover:#96c346;--button_gradient_bottom_color_hover:#96c346;--button_typography-font-family:&quot;Roboto&quot;;--button_typography-font-style:normal;--button_typography-font-weight:700;\" target=\"_self\" href=\"https:\/\/portal.sma.gob.cl\/index.php\/download\/webinar-escazu-profepa-y-sma\/?wpdmdl=32544&amp;masterkey=VCO5MjoU1fZX4wXS3CzAqeBpFsNEx8hZvgQWXIX9qQ19lzBybOUK1iMzIhuCm_m_DqrC9DHe8zr72rCs8xKd0OR4G_PjYpDQ5KTy0V3O9r4\"><i class=\"fa-arrow-down fas awb-button__icon awb-button__icon--default button-icon-left\" aria-hidden=\"true\"><\/i><span class=\"fusion-button-text awb-button__text awb-button__text--default\">Descarga la presentaci\u00f3n<\/span><\/a><\/div><div class=\"fusion-clearfix\"><\/div><\/div><\/div><div class=\"fusion-layout-column fusion_builder_column fusion-builder-column-2 fusion_builder_column_2_5 2_5 fusion-two-fifth fusion-column-last\" style=\"--awb-padding-top:40px;--awb-padding-bottom:40px;--awb-padding-top-medium:10vh;--awb-padding-bottom-medium:10vh;--awb-padding-top-small:8vh;--awb-padding-right-small:2vh;--awb-padding-bottom-small:0px;--awb-padding-left-small:2vh;--awb-bg-size:cover;--awb-margin-bottom:0px;width:40%;width:calc(40% - ( ( 4% ) * 0.4 ) );\" data-scroll-devices=\"small-visibility,medium-visibility,large-visibility\"><div class=\"fusion-column-wrapper fusion-column-has-shadow fusion-flex-column-wrapper-legacy\"><div class=\"fusion-image-element in-legacy-container\" style=\"--awb-aspect-ratio:4 \/ 3;--awb-object-position:54% 59%;--awb-caption-title-font-family:var(--h2_typography-font-family);--awb-caption-title-font-weight:var(--h2_typography-font-weight);--awb-caption-title-font-style:var(--h2_typography-font-style);--awb-caption-title-size:var(--h2_typography-font-size);--awb-caption-title-transform:var(--h2_typography-text-transform);--awb-caption-title-line-height:var(--h2_typography-line-height);--awb-caption-title-letter-spacing:var(--h2_typography-letter-spacing);\"><span class=\" fusion-imageframe imageframe-none imageframe-1 hover-type-none has-aspect-ratio\" style=\"border-radius:20px;\"><img decoding=\"async\" width=\"1800\" height=\"911\" src=\"https:\/\/portal.sma.gob.cl\/wp-content\/uploads\/2025\/02\/pilares.jpg\" class=\"img-responsive wp-image-34414 img-with-aspect-ratio\" data-parent-fit=\"cover\" data-parent-container=\".fusion-image-element\" alt srcset=\"https:\/\/portal.sma.gob.cl\/wp-content\/uploads\/2025\/02\/pilares-200x101.jpg 200w, https:\/\/portal.sma.gob.cl\/wp-content\/uploads\/2025\/02\/pilares-400x202.jpg 400w, https:\/\/portal.sma.gob.cl\/wp-content\/uploads\/2025\/02\/pilares-600x304.jpg 600w, https:\/\/portal.sma.gob.cl\/wp-content\/uploads\/2025\/02\/pilares-800x405.jpg 800w, https:\/\/portal.sma.gob.cl\/wp-content\/uploads\/2025\/02\/pilares-1200x607.jpg 1200w, https:\/\/portal.sma.gob.cl\/wp-content\/uploads\/2025\/02\/pilares.jpg 1800w\" sizes=\"(max-width: 800px) 100vw, 600px\" \/><\/span><\/div><div class=\"fusion-image-element in-legacy-container\" style=\"--awb-aspect-ratio:4 \/ 3;--awb-object-position:54% 59%;--awb-margin-top:30px;--awb-caption-title-font-family:var(--h2_typography-font-family);--awb-caption-title-font-weight:var(--h2_typography-font-weight);--awb-caption-title-font-style:var(--h2_typography-font-style);--awb-caption-title-size:var(--h2_typography-font-size);--awb-caption-title-transform:var(--h2_typography-text-transform);--awb-caption-title-line-height:var(--h2_typography-line-height);--awb-caption-title-letter-spacing:var(--h2_typography-letter-spacing);\"><span class=\" fusion-imageframe imageframe-none imageframe-2 hover-type-none has-aspect-ratio\" style=\"border-radius:20px;\"><img decoding=\"async\" width=\"1714\" height=\"1126\" title=\"Dia\u0301logo Regional de Poli\u0301tica-127\" src=\"https:\/\/portal.sma.gob.cl\/wp-content\/uploads\/2024\/10\/Dialogo-Regional-de-Politica-127.jpg\" class=\"img-responsive wp-image-33284 img-with-aspect-ratio\" data-parent-fit=\"cover\" data-parent-container=\".fusion-image-element\" alt srcset=\"https:\/\/portal.sma.gob.cl\/wp-content\/uploads\/2024\/10\/Dialogo-Regional-de-Politica-127-200x131.jpg 200w, https:\/\/portal.sma.gob.cl\/wp-content\/uploads\/2024\/10\/Dialogo-Regional-de-Politica-127-400x263.jpg 400w, https:\/\/portal.sma.gob.cl\/wp-content\/uploads\/2024\/10\/Dialogo-Regional-de-Politica-127-600x394.jpg 600w, https:\/\/portal.sma.gob.cl\/wp-content\/uploads\/2024\/10\/Dialogo-Regional-de-Politica-127-800x526.jpg 800w, https:\/\/portal.sma.gob.cl\/wp-content\/uploads\/2024\/10\/Dialogo-Regional-de-Politica-127-1200x788.jpg 1200w, https:\/\/portal.sma.gob.cl\/wp-content\/uploads\/2024\/10\/Dialogo-Regional-de-Politica-127.jpg 1714w\" sizes=\"(max-width: 800px) 100vw, 600px\" \/><\/span><\/div><div class=\"fusion-clearfix\"><\/div><\/div><\/div><\/div><\/div><\/p>\n","protected":false},"excerpt":{"rendered":"","protected":false},"author":3,"featured_media":0,"parent":34182,"menu_order":0,"comment_status":"closed","ping_status":"closed","template":"100-width.php","meta":{"footnotes":""},"class_list":["post-34515","page","type-page","status-publish","hentry"],"_links":{"self":[{"href":"https:\/\/portal.sma.gob.cl\/index.php\/wp-json\/wp\/v2\/pages\/34515","targetHints":{"allow":["GET"]}}],"collection":[{"href":"https:\/\/portal.sma.gob.cl\/index.php\/wp-json\/wp\/v2\/pages"}],"about":[{"href":"https:\/\/portal.sma.gob.cl\/index.php\/wp-json\/wp\/v2\/types\/page"}],"author":[{"embeddable":true,"href":"https:\/\/portal.sma.gob.cl\/index.php\/wp-json\/wp\/v2\/users\/3"}],"replies":[{"embeddable":true,"href":"https:\/\/portal.sma.gob.cl\/index.php\/wp-json\/wp\/v2\/comments?post=34515"}],"version-history":[{"count":36,"href":"https:\/\/portal.sma.gob.cl\/index.php\/wp-json\/wp\/v2\/pages\/34515\/revisions"}],"predecessor-version":[{"id":35177,"href":"https:\/\/portal.sma.gob.cl\/index.php\/wp-json\/wp\/v2\/pages\/34515\/revisions\/35177"}],"up":[{"embeddable":true,"href":"https:\/\/portal.sma.gob.cl\/index.php\/wp-json\/wp\/v2\/pages\/34182"}],"wp:attachment":[{"href":"https:\/\/portal.sma.gob.cl\/index.php\/wp-json\/wp\/v2\/media?parent=34515"}],"curies":[{"name":"wp","href":"https:\/\/api.w.org\/{rel}","templated":true}]}}

Cooperación

<p><div class="fusion-bg-parallax" data-bg-align="left top" data-direction="up" data-mute="false" data-opacity="100" data-velocity="-0.3" data-mobile-enabled="false" data-break_parents="0" data-bg-image="https://portal.sma.gob.cl/wp-content/uploads/2025/02/arbol.jpg" data-bg-repeat="false" data-bg-gradient-type="linear" data-bg-gradient-angle="58" data-bg-gradient-start-color="#6f920f" data-bg-gradient-start-position="13" data-bg-gradient-end-color="rgba(22,50,119,0)" data-bg-gradient-end-position="57" data-bg-radial-direction="center center" ></div><div class="fusion-fullwidth fullwidth-box fusion-builder-row-1 fusion-flex-container has-pattern-background has-mask-background fusion-parallax-up nonhundred-percent-fullwidth non-hundred-percent-height-scrolling" style="--awb-background-position:left top;--awb-border-sizes-top:0;--awb-border-sizes-bottom:10px;--awb-border-sizes-left:0;--awb-border-sizes-right:0;--awb-border-color:#05a191;--awb-border-radius-top-left:0px;--awb-border-radius-top-right:0px;--awb-border-radius-bottom-right:0px;--awb-border-radius-bottom-left:0px;--awb-padding-right-small:7vh;--awb-padding-left-small:7vh;--awb-background-image:linear-gradient(58deg, #6f920f 13%,rgba(22,50,119,0) 57%),url(https://portal.sma.gob.cl/wp-content/uploads/2025/02/arbol.jpg);;--awb-background-size:contain;--awb-flex-wrap:wrap;" ><div class="fusion-builder-row fusion-row fusion-flex-align-items-flex-start fusion-flex-content-wrap" style="max-width:1144px;margin-left: calc(-4% / 2 );margin-right: calc(-4% / 2 );"><div class="fusion-layout-column fusion_builder_column fusion-builder-column-0 fusion_builder_column_2_3 2_3 fusion-flex-column" style="--awb-padding-top:8vh;--awb-padding-bottom:8vh;--awb-padding-top-medium:10vh;--awb-padding-bottom-medium:10vh;--awb-padding-top-small:8vh;--awb-padding-right-small:2vh;--awb-padding-bottom-small:0px;--awb-padding-left-small:2vh;--awb-bg-size:cover;--awb-width-large:66.666666666667%;--awb-margin-top-large:0px;--awb-spacing-right-large:2.88%;--awb-margin-bottom-large:0px;--awb-spacing-left-large:2.88%;--awb-width-medium:50%;--awb-order-medium:0;--awb-spacing-right-medium:3.84%;--awb-spacing-left-medium:3.84%;--awb-width-small:100%;--awb-order-small:0;--awb-spacing-right-small:1.92%;--awb-spacing-left-small:1.92%;" data-scroll-devices="small-visibility,medium-visibility,large-visibility"><div class="fusion-column-wrapper fusion-column-has-shadow fusion-flex-justify-content-flex-start fusion-content-layout-row"><div class="fusion-text fusion-text-1" style="--awb-font-size:26px;--awb-line-height:1.5em;--awb-text-color:var(--awb-color1);--awb-text-font-family:&quot;museo-sans-rounded&quot;;--awb-text-font-style:normal;--awb-text-font-weight:700;"><p>Acuerdo de Escazú &gt; <strong>Cooperación</strong></p>
</div></div></div></div></div><div class="fusion-fullwidth fullwidth-box fusion-builder-row-2 has-pattern-background has-mask-background nonhundred-percent-fullwidth non-hundred-percent-height-scrolling" style="--awb-border-radius-top-left:0px;--awb-border-radius-top-right:0px;--awb-border-radius-bottom-right:0px;--awb-border-radius-bottom-left:0px;--awb-padding-top:40px;--awb-margin-bottom:40px;--awb-flex-wrap:wrap;" ><div class="fusion-builder-row fusion-row"><div class="fusion-layout-column fusion_builder_column fusion-builder-column-1 fusion_builder_column_3_5 3_5 fusion-three-fifth fusion-column-first" style="--awb-padding-top:40px;--awb-padding-bottom:40px;--awb-padding-top-medium:60px;--awb-padding-bottom-medium:60px;--awb-padding-top-small:20px;--awb-bg-size:cover;--awb-margin-bottom:0px;width:60%;width:calc(60% - ( ( 4% ) * 0.6 ) );margin-right: 4%;" data-scroll-devices="small-visibility,medium-visibility,large-visibility"><div class="fusion-column-wrapper fusion-column-has-shadow fusion-flex-column-wrapper-legacy"><div class="fusion-title title fusion-title-1 fusion-sep-none fusion-title-text fusion-title-size-two" style="--awb-text-color:#6f920f;--awb-margin-bottom:25px;--awb-margin-top-small:0px;--awb-margin-right-small:0px;--awb-margin-bottom-small:20px;--awb-margin-left-small:0px;--awb-font-size:43px;"><h2 class="fusion-title-heading title-heading-left fusion-responsive-typography-calculated" style="font-family:&quot;Roboto&quot;;font-style:normal;font-weight:800;margin:0;font-size:1em;--fontSize:43;line-height:1.35;">Cooperación</h2></div><div class="fusion-text fusion-text-2" style="--awb-font-size:17px;"><p>En 2024, la Superintendencia del Medio Ambiente realizó un intercambio de experiencias con la Procuraduría Federal de Protección Ambiental (PROFEPA) de México en relación a la implementación del Acuerdo de Escazú.</p>
<p>El intercambio contó con 9 sesiones virtuales donde se revisaron 6 artículos del Acuerdo, obteniendo un diagnóstico de las acciones que ambas instituciones han implementado, identificando retos y oportunidades de mejora en el acceso a la información, a la participación pública y a la justicia ambiental. <strong>Los temas discutidos durante las sesiones fueron los siguientes:</strong></p>
<ul>
<li>Marcos normativos y operativos para la implementación del Acuerdo de Escazú en ambos países.</li>
<li>Acceso a la información ambiental.</li>
<li>Generación y divulgación de la información ambiental.</li>
<li>Participación pública en los procesos de toma de decisiones ambientales.</li>
<li>Acceso a la justicia en asuntos ambientales.</li>
<li>Defensores de los derechos humanos en asuntos ambientales.</li>
<li>Fortalecimiento de capacidades.</li>
</ul>
<p>De esta experiencia, destaca la presentación de los resultados en el Diálogo Regional de Política sobre Licenciamiento y Cumplimiento Ambiental y Social, realizado en Santiago de Chile del 14 al 18 de octubre del 2024. En esa oportunidad la exposición fue realizada por representantes de PROFEPA.</p>
</div><div class="fusion-button-wrapper"><a class="fusion-button button-flat button-large button-custom fusion-button-default button-1 fusion-button-default-span fusion-button-default-type" style="--awb-margin-top:20px;--button_accent_color:rgba(255,255,255,0.8);--button_accent_hover_color:rgba(255,255,255,0.9);--button_border_hover_color:rgba(255,255,255,0.9);--button-border-radius-top-left:5px;--button-border-radius-top-right:5px;--button-border-radius-bottom-right:5px;--button-border-radius-bottom-left:5px;--button_gradient_top_color:#8eb73d;--button_gradient_bottom_color:#8eb73d;--button_gradient_top_color_hover:#96c346;--button_gradient_bottom_color_hover:#96c346;--button_typography-font-family:&quot;Roboto&quot;;--button_typography-font-style:normal;--button_typography-font-weight:700;" target="_self" href="https://portal.sma.gob.cl/index.php/download/webinar-escazu-profepa-y-sma/?wpdmdl=32544&amp;masterkey=VCO5MjoU1fZX4wXS3CzAqeBpFsNEx8hZvgQWXIX9qQ19lzBybOUK1iMzIhuCm_m_DqrC9DHe8zr72rCs8xKd0OR4G_PjYpDQ5KTy0V3O9r4"><i class="fa-arrow-down fas awb-button__icon awb-button__icon--default button-icon-left" aria-hidden="true"></i><span class="fusion-button-text awb-button__text awb-button__text--default">Descarga la presentación</span></a></div><div class="fusion-clearfix"></div></div></div><div class="fusion-layout-column fusion_builder_column fusion-builder-column-2 fusion_builder_column_2_5 2_5 fusion-two-fifth fusion-column-last" style="--awb-padding-top:40px;--awb-padding-bottom:40px;--awb-padding-top-medium:10vh;--awb-padding-bottom-medium:10vh;--awb-padding-top-small:8vh;--awb-padding-right-small:2vh;--awb-padding-bottom-small:0px;--awb-padding-left-small:2vh;--awb-bg-size:cover;--awb-margin-bottom:0px;width:40%;width:calc(40% - ( ( 4% ) * 0.4 ) );" data-scroll-devices="small-visibility,medium-visibility,large-visibility"><div class="fusion-column-wrapper fusion-column-has-shadow fusion-flex-column-wrapper-legacy"><div class="fusion-image-element in-legacy-container" style="--awb-aspect-ratio:4 / 3;--awb-object-position:54% 59%;--awb-caption-title-font-family:var(--h2_typography-font-family);--awb-caption-title-font-weight:var(--h2_typography-font-weight);--awb-caption-title-font-style:var(--h2_typography-font-style);--awb-caption-title-size:var(--h2_typography-font-size);--awb-caption-title-transform:var(--h2_typography-text-transform);--awb-caption-title-line-height:var(--h2_typography-line-height);--awb-caption-title-letter-spacing:var(--h2_typography-letter-spacing);"><span class=" fusion-imageframe imageframe-none imageframe-1 hover-type-none has-aspect-ratio" style="border-radius:20px;"><img decoding="async" width="1800" height="911" src="https://portal.sma.gob.cl/wp-content/uploads/2025/02/pilares.jpg" class="img-responsive wp-image-34414 img-with-aspect-ratio" data-parent-fit="cover" data-parent-container=".fusion-image-element" alt srcset="https://portal.sma.gob.cl/wp-content/uploads/2025/02/pilares-200x101.jpg 200w, https://portal.sma.gob.cl/wp-content/uploads/2025/02/pilares-400x202.jpg 400w, https://portal.sma.gob.cl/wp-content/uploads/2025/02/pilares-600x304.jpg 600w, https://portal.sma.gob.cl/wp-content/uploads/2025/02/pilares-800x405.jpg 800w, https://portal.sma.gob.cl/wp-content/uploads/2025/02/pilares-1200x607.jpg 1200w, https://portal.sma.gob.cl/wp-content/uploads/2025/02/pilares.jpg 1800w" sizes="(max-width: 800px) 100vw, 600px" /></span></div><div class="fusion-image-element in-legacy-container" style="--awb-aspect-ratio:4 / 3;--awb-object-position:54% 59%;--awb-margin-top:30px;--awb-caption-title-font-family:var(--h2_typography-font-family);--awb-caption-title-font-weight:var(--h2_typography-font-weight);--awb-caption-title-font-style:var(--h2_typography-font-style);--awb-caption-title-size:var(--h2_typography-font-size);--awb-caption-title-transform:var(--h2_typography-text-transform);--awb-caption-title-line-height:var(--h2_typography-line-height);--awb-caption-title-letter-spacing:var(--h2_typography-letter-spacing);"><span class=" fusion-imageframe imageframe-none imageframe-2 hover-type-none has-aspect-ratio" style="border-radius:20px;"><img decoding="async" width="1714" height="1126" title="Diálogo Regional de Política-127" src="https://portal.sma.gob.cl/wp-content/uploads/2024/10/Dialogo-Regional-de-Politica-127.jpg" class="img-responsive wp-image-33284 img-with-aspect-ratio" data-parent-fit="cover" data-parent-container=".fusion-image-element" alt srcset="https://portal.sma.gob.cl/wp-content/uploads/2024/10/Dialogo-Regional-de-Politica-127-200x131.jpg 200w, https://portal.sma.gob.cl/wp-content/uploads/2024/10/Dialogo-Regional-de-Politica-127-400x263.jpg 400w, https://portal.sma.gob.cl/wp-content/uploads/2024/10/Dialogo-Regional-de-Politica-127-600x394.jpg 600w, https://portal.sma.gob.cl/wp-content/uploads/2024/10/Dialogo-Regional-de-Politica-127-800x526.jpg 800w, https://portal.sma.gob.cl/wp-content/uploads/2024/10/Dialogo-Regional-de-Politica-127-1200x788.jpg 1200w, https://portal.sma.gob.cl/wp-content/uploads/2024/10/Dialogo-Regional-de-Politica-127.jpg 1714w" sizes="(max-width: 800px) 100vw, 600px" /></span></div><div class="fusion-clearfix"></div></div></div></div></div></p>
