{"id":34955,"date":"2025-03-12T11:55:46","date_gmt":"2025-03-12T14:55:46","guid":{"rendered":"https:\/\/portal.sma.gob.cl\/?page_id=34955"},"modified":"2026-03-09T12:56:42","modified_gmt":"2026-03-09T15:56:42","slug":"red-cqp","status":"publish","type":"page","link":"https:\/\/portal.sma.gob.cl\/index.php\/gestion-concon-quintero-y-puchuncavi\/red-cqp\/","title":{"rendered":"Red CQP"},"content":{"rendered":"<p><div class=\"fusion-bg-parallax\" data-bg-align=\"left top\" data-direction=\"down\" data-mute=\"false\" data-opacity=\"100\" data-velocity=\"-0.3\" data-mobile-enabled=\"false\" data-break_parents=\"0\" data-bg-image=\"https:\/\/portal.sma.gob.cl\/wp-content\/uploads\/2024\/08\/234.jpg\" data-bg-repeat=\"false\" data-bg-gradient-type=\"linear\" data-bg-gradient-angle=\"58\" data-bg-gradient-start-color=\"#163277\" data-bg-gradient-start-position=\"13\" data-bg-gradient-end-color=\"rgba(22,50,119,0)\" data-bg-gradient-end-position=\"57\" data-bg-radial-direction=\"center center\" ><\/div><div class=\"fusion-fullwidth fullwidth-box fusion-builder-row-1 fusion-flex-container has-pattern-background has-mask-background fusion-parallax-down nonhundred-percent-fullwidth non-hundred-percent-height-scrolling\" style=\"--awb-background-position:left top;--awb-border-radius-top-left:0px;--awb-border-radius-top-right:0px;--awb-border-radius-bottom-right:0px;--awb-border-radius-bottom-left:0px;--awb-padding-right-small:7vh;--awb-padding-left-small:7vh;--awb-background-image:linear-gradient(58deg, #163277 13%,rgba(22,50,119,0) 57%),url(https:\/\/portal.sma.gob.cl\/wp-content\/uploads\/2024\/08\/234.jpg);;--awb-background-size:cover;--awb-flex-wrap:wrap;\" ><div class=\"fusion-builder-row fusion-row fusion-flex-align-items-flex-start fusion-flex-content-wrap\" style=\"max-width:1144px;margin-left: calc(-4% \/ 2 );margin-right: calc(-4% \/ 2 );\"><div class=\"fusion-layout-column fusion_builder_column fusion-builder-column-0 fusion_builder_column_1_1 1_1 fusion-flex-column fusion-animated\" style=\"--awb-padding-top:7vh;--awb-padding-bottom:7vh;--awb-padding-top-medium:10vh;--awb-padding-bottom-medium:10vh;--awb-padding-top-small:8vh;--awb-padding-right-small:2vh;--awb-padding-bottom-small:0px;--awb-padding-left-small:2vh;--awb-bg-size:cover;--awb-width-large:100%;--awb-margin-top-large:0px;--awb-spacing-right-large:1.92%;--awb-margin-bottom-large:0px;--awb-spacing-left-large:1.92%;--awb-width-medium:50%;--awb-order-medium:0;--awb-spacing-right-medium:3.84%;--awb-spacing-left-medium:3.84%;--awb-width-small:100%;--awb-order-small:0;--awb-spacing-right-small:1.92%;--awb-spacing-left-small:1.92%;\" data-animationType=\"fadeInLeft\" data-animationDuration=\"1.0\" data-animationOffset=\"top-into-view\" data-scroll-devices=\"small-visibility,medium-visibility,large-visibility\"><div class=\"fusion-column-wrapper fusion-column-has-shadow fusion-flex-justify-content-flex-start fusion-content-layout-row\"><\/div><\/div><\/div><\/div><div class=\"fusion-fullwidth fullwidth-box fusion-builder-row-2 has-pattern-background has-mask-background nonhundred-percent-fullwidth non-hundred-percent-height-scrolling\" style=\"--awb-border-radius-top-left:0px;--awb-border-radius-top-right:0px;--awb-border-radius-bottom-right:0px;--awb-border-radius-bottom-left:0px;--awb-padding-top:20px;--awb-padding-bottom:20px;--awb-margin-bottom:40px;--awb-flex-wrap:wrap;\" ><div class=\"fusion-builder-row fusion-row\"><div class=\"fusion-layout-column fusion_builder_column fusion-builder-column-1 fusion_builder_column_1_1 1_1 fusion-one-full fusion-column-first fusion-column-last\" style=\"--awb-padding-top:40px;--awb-padding-bottom:40px;--awb-padding-top-medium:60px;--awb-padding-bottom-medium:60px;--awb-padding-top-small:20px;--awb-bg-size:cover;--awb-margin-bottom:0px;\" data-scroll-devices=\"small-visibility,medium-visibility,large-visibility\"><div class=\"fusion-column-wrapper fusion-column-has-shadow fusion-flex-column-wrapper-legacy\"><div class=\"fusion-title title fusion-title-1 fusion-sep-none fusion-title-text fusion-title-size-two\" style=\"--awb-text-color:#163277;--awb-margin-bottom:10px;--awb-margin-top-small:0px;--awb-margin-right-small:0px;--awb-margin-bottom-small:20px;--awb-margin-left-small:0px;--awb-font-size:38px;\"><h2 class=\"fusion-title-heading title-heading-left fusion-responsive-typography-calculated\" style=\"font-family:&quot;museo-sans&quot;;font-style:normal;font-weight:900;margin:0;font-size:1em;--fontSize:38;line-height:1.35;\">Red CQP<\/h2><\/div><div class=\"fusion-sep-clear\"><\/div><div class=\"fusion-separator fusion-clearfix\" style=\"float:left;margin-bottom:30px;width:100%;max-width:40%;\"><div class=\"fusion-separator-border sep-single sep-solid\" style=\"--awb-height:20px;--awb-amount:20px;--awb-sep-color:#eddb5b;border-color:#eddb5b;border-top-width:3px;\"><\/div><\/div><div class=\"fusion-sep-clear\"><\/div><div class=\"fusion-text fusion-text-1\" style=\"--awb-font-size:17px;\"><p>Revisa la calidad del aire actual en Conc\u00f3n, Quintero y Puchuncav\u00ed, a trav\u00e9s de las redes de monitoreo del Ministerio del Medio Ambiente (MMA).<\/p>\n<p>En el mapa se presentan los contaminantes normados: di\u00f3xido de azufre (SO2), di\u00f3xido de nitr\u00f3geno (NO2), mon\u00f3xido de carbono (CO), ozono (O3), material particulado grueso (MP10) y material particulado fino (MP 2,5).<\/p>\n<\/div><div class=\"fusion-builder-row fusion-builder-row-inner fusion-row\"><div class=\"fusion-layout-column fusion_builder_column_inner fusion-builder-nested-column-0 fusion_builder_column_inner_1_1 1_1 fusion-one-full fusion-column-first fusion-column-last\" style=\"--awb-padding-top:20px;--awb-padding-right:10px;--awb-padding-bottom:20px;--awb-padding-left:10px;--awb-overflow:hidden;--awb-bg-color:var(--awb-color2);--awb-bg-color-hover:var(--awb-color2);--awb-bg-size:cover;--awb-border-radius:10px 10px 10px 10px;\" data-scroll-devices=\"small-visibility,medium-visibility,large-visibility\"><div class=\"fusion-column-wrapper fusion-column-has-shadow fusion-flex-column-wrapper-legacy\"><div class=\"fusion-text fusion-text-2\" style=\"--awb-font-size:17px;\"><ul>\n<li>M\u00e1s informaci\u00f3n en <span style=\"text-decoration: underline;\"><a href=\"https:\/\/airecqp.mma.gob.cl\" target=\"_blank\" rel=\"noopener\">airecqp.mma.gob.cl\u00a0<\/a><\/span><\/li>\n<\/ul>\n<\/div><div class=\"fusion-clearfix\"><\/div><\/div><\/div><\/div><div class=\"fusion-clearfix\"><\/div><\/div><\/div><div class=\"fusion-layout-column fusion_builder_column fusion-builder-column-2 fusion_builder_column_1_1 1_1 fusion-one-full fusion-column-first fusion-column-last\" style=\"--awb-bg-size:cover;\" data-scroll-devices=\"small-visibility,medium-visibility,large-visibility\"><div class=\"fusion-column-wrapper fusion-column-has-shadow fusion-flex-column-wrapper-legacy\"><div class=\"fusion-title title fusion-title-2 fusion-title-text fusion-title-size-two\" style=\"--awb-text-color:#163277;--awb-margin-bottom:25px;--awb-margin-top-small:0px;--awb-margin-right-small:0px;--awb-margin-bottom-small:20px;--awb-margin-left-small:0px;--awb-sep-color:var(--awb-custom10);--awb-font-size:22px;\"><h2 class=\"fusion-title-heading title-heading-left fusion-responsive-typography-calculated\" style=\"margin:0;font-size:1em;--fontSize:22;--minFontSize:22;line-height:1.35;\"><strong>Red vigente<\/strong><\/h2><span class=\"awb-title-spacer\"><\/span><div class=\"title-sep-container\"><div class=\"title-sep sep-single sep-solid\" style=\"border-color:var(--awb-custom10);\"><\/div><\/div><\/div><div class=\"fusion-text fusion-text-3 fusion-text-no-margin\" style=\"--awb-font-size:17px;--awb-margin-bottom:20px;\"><p>Con el objetivo de facilitar el acceso a los datos consolidados del monitoreo de calidad del aire p\u00fablico y privado en el territorio de Conc\u00f3n, Quintero y Puchuncav\u00ed, se presenta a continuaci\u00f3n el mapa de la \u201cRed vigente\u201d y el de la \u201cNueva red p\u00fablica\u201d, del Ministerio del Medio Ambiente (MMA).<\/p>\n<p>La \u201cRed vigente\u201d presenta los contaminantes normados: di\u00f3xido de azufre (SO2), di\u00f3xido de nitr\u00f3geno (NO2), mon\u00f3xido de carbono (CO), ozono (O3), material particulado grueso (MP10) y material particulado fino (MP 2,5), en tiempo real, con datos obtenidos de las 13 estaciones de monitoreo de calidad del aire privadas distribuidas en la zona. Dichas estaciones de monitoreo se encuentran bajo supervisi\u00f3n directa del MMA desde septiembre de 2018.<\/p>\n<\/div><iframe src=\"https:\/\/redes.mma.gob.cl\/desarrollo_web\/generator\/Industrial\/view\/maps\/IGlobBP5rqkLt3FAtDJSMpaaz\" width=\"1100px\" height=\"700px\"><span data-mce-type=\"bookmark\" style=\"display: inline-block; width: 0px; overflow: hidden; line-height: 0;\" class=\"mce_SELRES_start\">\ufeff<\/span><span data-mce-type=\"bookmark\" style=\"display: inline-block; width: 0px; overflow: hidden; line-height: 0;\" class=\"mce_SELRES_start\">\ufeff<\/span><span data-mce-type=\"bookmark\" style=\"display: inline-block; width: 0px; overflow: hidden; line-height: 0;\" class=\"mce_SELRES_start\">\ufeff<\/span><span data-mce-type=\"bookmark\" style=\"display: inline-block; width: 0px; overflow: hidden; line-height: 0;\" class=\"mce_SELRES_start\">\ufeff<\/span><span data-mce-type=\"bookmark\" style=\"display: inline-block; width: 0px; overflow: hidden; line-height: 0;\" class=\"mce_SELRES_start\">\ufeff<\/span><span data-mce-type=\"bookmark\" style=\"display: inline-block; width: 0px; overflow: hidden; line-height: 0;\" class=\"mce_SELRES_start\">\ufeff<\/span><span data-mce-type=\"bookmark\" style=\"display: inline-block; width: 0px; overflow: hidden; line-height: 0;\" class=\"mce_SELRES_start\">\ufeff<\/span>\n<\/iframe><div class=\"fusion-clearfix\"><\/div><\/div><\/div><\/div><\/div><div class=\"fusion-fullwidth fullwidth-box fusion-builder-row-3 has-pattern-background has-mask-background nonhundred-percent-fullwidth non-hundred-percent-height-scrolling\" style=\"--awb-border-radius-top-left:0px;--awb-border-radius-top-right:0px;--awb-border-radius-bottom-right:0px;--awb-border-radius-bottom-left:0px;--awb-padding-top:20px;--awb-padding-bottom:40px;--awb-background-color:var(--awb-color2);--awb-flex-wrap:wrap;\" ><div class=\"fusion-builder-row fusion-row\"><div class=\"fusion-layout-column fusion_builder_column fusion-builder-column-3 fusion_builder_column_1_1 1_1 fusion-one-full fusion-column-first fusion-column-last\" style=\"--awb-bg-size:cover;--awb-margin-top:40px;\" data-scroll-devices=\"small-visibility,medium-visibility,large-visibility\"><div class=\"fusion-column-wrapper fusion-column-has-shadow fusion-flex-column-wrapper-legacy\"><div class=\"fusion-title title fusion-title-3 fusion-title-text fusion-title-size-two\" style=\"--awb-text-color:#154bb7;--awb-margin-bottom:25px;--awb-margin-top-small:0px;--awb-margin-right-small:0px;--awb-margin-bottom-small:20px;--awb-margin-left-small:0px;--awb-sep-color:var(--awb-custom10);--awb-font-size:22px;\"><h2 class=\"fusion-title-heading title-heading-left fusion-responsive-typography-calculated\" style=\"margin:0;font-size:1em;--fontSize:22;--minFontSize:22;line-height:1.35;\"><strong>Nueva Red MMA<\/strong><\/h2><span class=\"awb-title-spacer\"><\/span><div class=\"title-sep-container\"><div class=\"title-sep sep-single sep-solid\" style=\"border-color:var(--awb-custom10);\"><\/div><\/div><\/div><div class=\"fusion-text fusion-text-4 fusion-text-no-margin\" style=\"--awb-font-size:17px;--awb-margin-bottom:20px;\"><p>La &#8220;Nueva Red MMA\u201d de car\u00e1cter p\u00fablica, fue inaugurada el 29 de abril de 2025 y consta de 14 estaciones en proceso de obtenci\u00f3n de la\u00a0Calificaci\u00f3n de\u00a0Estaci\u00f3n de Monitoreo con Representatividad Poblacional.\u00a0Estas instalaciones medir\u00e1n compuestos como el di\u00f3xido de azufre (SO2), mon\u00f3xido de carbono (CO), ozono (O3), \u00f3xidos de nitr\u00f3geno (NOx), material particulado (MP2,5 y MP10), adem\u00e1s de sulfuro de hidr\u00f3geno (H2S), compuestos org\u00e1nicos vol\u00e1tiles, as\u00ed como toma de muestras de material particulado para an\u00e1lisis qu\u00edmicos.<\/p>\n<\/div><iframe src=\"https:\/\/redes.mma.gob.cl\/desarrollo_web\/generator\/Industrial\/view\/maps\/Tlbn27UTyWPTV4kbNWYe9rVXv\" width=\"1100px\" height=\"700px\"><span data-mce-type=\"bookmark\" style=\"display: inline-block; width: 0px; overflow: hidden; line-height: 0;\" class=\"mce_SELRES_start\">\ufeff<\/span><span data-mce-type=\"bookmark\" style=\"display: inline-block; width: 0px; overflow: hidden; line-height: 0;\" class=\"mce_SELRES_start\">\ufeff<\/span><span data-mce-type=\"bookmark\" style=\"display: inline-block; width: 0px; overflow: hidden; line-height: 0;\" class=\"mce_SELRES_start\">\ufeff<\/span><span data-mce-type=\"bookmark\" style=\"display: inline-block; width: 0px; overflow: hidden; line-height: 0;\" class=\"mce_SELRES_start\">\ufeff<\/span><span data-mce-type=\"bookmark\" style=\"display: inline-block; width: 0px; overflow: hidden; line-height: 0;\" class=\"mce_SELRES_start\">\ufeff<\/span><span data-mce-type=\"bookmark\" style=\"display: inline-block; width: 0px; overflow: hidden; line-height: 0;\" class=\"mce_SELRES_start\">\ufeff<\/span><span data-mce-type=\"bookmark\" style=\"display: inline-block; width: 0px; overflow: hidden; line-height: 0;\" class=\"mce_SELRES_start\">\ufeff<\/span>\n<\/iframe><div class=\"fusion-clearfix\"><\/div><\/div><\/div><\/div><\/div><\/p>\n","protected":false},"excerpt":{"rendered":"","protected":false},"author":3,"featured_media":0,"parent":32337,"menu_order":0,"comment_status":"closed","ping_status":"closed","template":"100-width.php","meta":{"footnotes":""},"class_list":["post-34955","page","type-page","status-publish","hentry"],"_links":{"self":[{"href":"https:\/\/portal.sma.gob.cl\/index.php\/wp-json\/wp\/v2\/pages\/34955","targetHints":{"allow":["GET"]}}],"collection":[{"href":"https:\/\/portal.sma.gob.cl\/index.php\/wp-json\/wp\/v2\/pages"}],"about":[{"href":"https:\/\/portal.sma.gob.cl\/index.php\/wp-json\/wp\/v2\/types\/page"}],"author":[{"embeddable":true,"href":"https:\/\/portal.sma.gob.cl\/index.php\/wp-json\/wp\/v2\/users\/3"}],"replies":[{"embeddable":true,"href":"https:\/\/portal.sma.gob.cl\/index.php\/wp-json\/wp\/v2\/comments?post=34955"}],"version-history":[{"count":43,"href":"https:\/\/portal.sma.gob.cl\/index.php\/wp-json\/wp\/v2\/pages\/34955\/revisions"}],"predecessor-version":[{"id":37944,"href":"https:\/\/portal.sma.gob.cl\/index.php\/wp-json\/wp\/v2\/pages\/34955\/revisions\/37944"}],"up":[{"embeddable":true,"href":"https:\/\/portal.sma.gob.cl\/index.php\/wp-json\/wp\/v2\/pages\/32337"}],"wp:attachment":[{"href":"https:\/\/portal.sma.gob.cl\/index.php\/wp-json\/wp\/v2\/media?parent=34955"}],"curies":[{"name":"wp","href":"https:\/\/api.w.org\/{rel}","templated":true}]}}

<p><div class="fusion-bg-parallax" data-bg-align="left top" data-direction="down" data-mute="false" data-opacity="100" data-velocity="-0.3" data-mobile-enabled="false" data-break_parents="0" data-bg-image="https://portal.sma.gob.cl/wp-content/uploads/2024/08/234.jpg" data-bg-repeat="false" data-bg-gradient-type="linear" data-bg-gradient-angle="58" data-bg-gradient-start-color="#163277" data-bg-gradient-start-position="13" data-bg-gradient-end-color="rgba(22,50,119,0)" data-bg-gradient-end-position="57" data-bg-radial-direction="center center" ></div><div class="fusion-fullwidth fullwidth-box fusion-builder-row-1 fusion-flex-container has-pattern-background has-mask-background fusion-parallax-down nonhundred-percent-fullwidth non-hundred-percent-height-scrolling" style="--awb-background-position:left top;--awb-border-radius-top-left:0px;--awb-border-radius-top-right:0px;--awb-border-radius-bottom-right:0px;--awb-border-radius-bottom-left:0px;--awb-padding-right-small:7vh;--awb-padding-left-small:7vh;--awb-background-image:linear-gradient(58deg, #163277 13%,rgba(22,50,119,0) 57%),url(https://portal.sma.gob.cl/wp-content/uploads/2024/08/234.jpg);;--awb-background-size:cover;--awb-flex-wrap:wrap;" ><div class="fusion-builder-row fusion-row fusion-flex-align-items-flex-start fusion-flex-content-wrap" style="max-width:1144px;margin-left: calc(-4% / 2 );margin-right: calc(-4% / 2 );"><div class="fusion-layout-column fusion_builder_column fusion-builder-column-0 fusion_builder_column_1_1 1_1 fusion-flex-column fusion-animated" style="--awb-padding-top:7vh;--awb-padding-bottom:7vh;--awb-padding-top-medium:10vh;--awb-padding-bottom-medium:10vh;--awb-padding-top-small:8vh;--awb-padding-right-small:2vh;--awb-padding-bottom-small:0px;--awb-padding-left-small:2vh;--awb-bg-size:cover;--awb-width-large:100%;--awb-margin-top-large:0px;--awb-spacing-right-large:1.92%;--awb-margin-bottom-large:0px;--awb-spacing-left-large:1.92%;--awb-width-medium:50%;--awb-order-medium:0;--awb-spacing-right-medium:3.84%;--awb-spacing-left-medium:3.84%;--awb-width-small:100%;--awb-order-small:0;--awb-spacing-right-small:1.92%;--awb-spacing-left-small:1.92%;" data-animationType="fadeInLeft" data-animationDuration="1.0" data-animationOffset="top-into-view" data-scroll-devices="small-visibility,medium-visibility,large-visibility"><div class="fusion-column-wrapper fusion-column-has-shadow fusion-flex-justify-content-flex-start fusion-content-layout-row"></div></div></div></div><div class="fusion-fullwidth fullwidth-box fusion-builder-row-2 has-pattern-background has-mask-background nonhundred-percent-fullwidth non-hundred-percent-height-scrolling" style="--awb-border-radius-top-left:0px;--awb-border-radius-top-right:0px;--awb-border-radius-bottom-right:0px;--awb-border-radius-bottom-left:0px;--awb-padding-top:20px;--awb-padding-bottom:20px;--awb-margin-bottom:40px;--awb-flex-wrap:wrap;" ><div class="fusion-builder-row fusion-row"><div class="fusion-layout-column fusion_builder_column fusion-builder-column-1 fusion_builder_column_1_1 1_1 fusion-one-full fusion-column-first fusion-column-last" style="--awb-padding-top:40px;--awb-padding-bottom:40px;--awb-padding-top-medium:60px;--awb-padding-bottom-medium:60px;--awb-padding-top-small:20px;--awb-bg-size:cover;--awb-margin-bottom:0px;" data-scroll-devices="small-visibility,medium-visibility,large-visibility"><div class="fusion-column-wrapper fusion-column-has-shadow fusion-flex-column-wrapper-legacy"><div class="fusion-title title fusion-title-1 fusion-sep-none fusion-title-text fusion-title-size-two" style="--awb-text-color:#163277;--awb-margin-bottom:10px;--awb-margin-top-small:0px;--awb-margin-right-small:0px;--awb-margin-bottom-small:20px;--awb-margin-left-small:0px;--awb-font-size:38px;"><h2 class="fusion-title-heading title-heading-left fusion-responsive-typography-calculated" style="font-family:&quot;museo-sans&quot;;font-style:normal;font-weight:900;margin:0;font-size:1em;--fontSize:38;line-height:1.35;">Red CQP</h2></div><div class="fusion-sep-clear"></div><div class="fusion-separator fusion-clearfix" style="float:left;margin-bottom:30px;width:100%;max-width:40%;"><div class="fusion-separator-border sep-single sep-solid" style="--awb-height:20px;--awb-amount:20px;--awb-sep-color:#eddb5b;border-color:#eddb5b;border-top-width:3px;"></div></div><div class="fusion-sep-clear"></div><div class="fusion-text fusion-text-1" style="--awb-font-size:17px;"><p>Revisa la calidad del aire actual en Concón, Quintero y Puchuncaví, a través de las redes de monitoreo del Ministerio del Medio Ambiente (MMA).</p>
<p>En el mapa se presentan los contaminantes normados: dióxido de azufre (SO2), dióxido de nitrógeno (NO2), monóxido de carbono (CO), ozono (O3), material particulado grueso (MP10) y material particulado fino (MP 2,5).</p>
</div><div class="fusion-builder-row fusion-builder-row-inner fusion-row"><div class="fusion-layout-column fusion_builder_column_inner fusion-builder-nested-column-0 fusion_builder_column_inner_1_1 1_1 fusion-one-full fusion-column-first fusion-column-last" style="--awb-padding-top:20px;--awb-padding-right:10px;--awb-padding-bottom:20px;--awb-padding-left:10px;--awb-overflow:hidden;--awb-bg-color:var(--awb-color2);--awb-bg-color-hover:var(--awb-color2);--awb-bg-size:cover;--awb-border-radius:10px 10px 10px 10px;" data-scroll-devices="small-visibility,medium-visibility,large-visibility"><div class="fusion-column-wrapper fusion-column-has-shadow fusion-flex-column-wrapper-legacy"><div class="fusion-text fusion-text-2" style="--awb-font-size:17px;"><ul>
<li>Más información en <span style="text-decoration: underline;"><a href="https://airecqp.mma.gob.cl" target="_blank" rel="noopener">airecqp.mma.gob.cl </a></span></li>
</ul>
</div><div class="fusion-clearfix"></div></div></div></div><div class="fusion-clearfix"></div></div></div><div class="fusion-layout-column fusion_builder_column fusion-builder-column-2 fusion_builder_column_1_1 1_1 fusion-one-full fusion-column-first fusion-column-last" style="--awb-bg-size:cover;" data-scroll-devices="small-visibility,medium-visibility,large-visibility"><div class="fusion-column-wrapper fusion-column-has-shadow fusion-flex-column-wrapper-legacy"><div class="fusion-title title fusion-title-2 fusion-title-text fusion-title-size-two" style="--awb-text-color:#163277;--awb-margin-bottom:25px;--awb-margin-top-small:0px;--awb-margin-right-small:0px;--awb-margin-bottom-small:20px;--awb-margin-left-small:0px;--awb-sep-color:var(--awb-custom10);--awb-font-size:22px;"><h2 class="fusion-title-heading title-heading-left fusion-responsive-typography-calculated" style="margin:0;font-size:1em;--fontSize:22;--minFontSize:22;line-height:1.35;"><strong>Red vigente</strong></h2><span class="awb-title-spacer"></span><div class="title-sep-container"><div class="title-sep sep-single sep-solid" style="border-color:var(--awb-custom10);"></div></div></div><div class="fusion-text fusion-text-3 fusion-text-no-margin" style="--awb-font-size:17px;--awb-margin-bottom:20px;"><p>Con el objetivo de facilitar el acceso a los datos consolidados del monitoreo de calidad del aire público y privado en el territorio de Concón, Quintero y Puchuncaví, se presenta a continuación el mapa de la “Red vigente” y el de la “Nueva red pública”, del Ministerio del Medio Ambiente (MMA).</p>
<p>La “Red vigente” presenta los contaminantes normados: dióxido de azufre (SO2), dióxido de nitrógeno (NO2), monóxido de carbono (CO), ozono (O3), material particulado grueso (MP10) y material particulado fino (MP 2,5), en tiempo real, con datos obtenidos de las 13 estaciones de monitoreo de calidad del aire privadas distribuidas en la zona. Dichas estaciones de monitoreo se encuentran bajo supervisión directa del MMA desde septiembre de 2018.</p>
</div><iframe src="https://redes.mma.gob.cl/desarrollo_web/generator/Industrial/view/maps/IGlobBP5rqkLt3FAtDJSMpaaz" width="1100px" height="700px"><span data-mce-type="bookmark" style="display: inline-block; width: 0px; overflow: hidden; line-height: 0;" class="mce_SELRES_start">﻿</span><span data-mce-type="bookmark" style="display: inline-block; width: 0px; overflow: hidden; line-height: 0;" class="mce_SELRES_start">﻿</span><span data-mce-type="bookmark" style="display: inline-block; width: 0px; overflow: hidden; line-height: 0;" class="mce_SELRES_start">﻿</span><span data-mce-type="bookmark" style="display: inline-block; width: 0px; overflow: hidden; line-height: 0;" class="mce_SELRES_start">﻿</span><span data-mce-type="bookmark" style="display: inline-block; width: 0px; overflow: hidden; line-height: 0;" class="mce_SELRES_start">﻿</span><span data-mce-type="bookmark" style="display: inline-block; width: 0px; overflow: hidden; line-height: 0;" class="mce_SELRES_start">﻿</span><span data-mce-type="bookmark" style="display: inline-block; width: 0px; overflow: hidden; line-height: 0;" class="mce_SELRES_start">﻿</span>
</iframe><div class="fusion-clearfix"></div></div></div></div></div><div class="fusion-fullwidth fullwidth-box fusion-builder-row-3 has-pattern-background has-mask-background nonhundred-percent-fullwidth non-hundred-percent-height-scrolling" style="--awb-border-radius-top-left:0px;--awb-border-radius-top-right:0px;--awb-border-radius-bottom-right:0px;--awb-border-radius-bottom-left:0px;--awb-padding-top:20px;--awb-padding-bottom:40px;--awb-background-color:var(--awb-color2);--awb-flex-wrap:wrap;" ><div class="fusion-builder-row fusion-row"><div class="fusion-layout-column fusion_builder_column fusion-builder-column-3 fusion_builder_column_1_1 1_1 fusion-one-full fusion-column-first fusion-column-last" style="--awb-bg-size:cover;--awb-margin-top:40px;" data-scroll-devices="small-visibility,medium-visibility,large-visibility"><div class="fusion-column-wrapper fusion-column-has-shadow fusion-flex-column-wrapper-legacy"><div class="fusion-title title fusion-title-3 fusion-title-text fusion-title-size-two" style="--awb-text-color:#154bb7;--awb-margin-bottom:25px;--awb-margin-top-small:0px;--awb-margin-right-small:0px;--awb-margin-bottom-small:20px;--awb-margin-left-small:0px;--awb-sep-color:var(--awb-custom10);--awb-font-size:22px;"><h2 class="fusion-title-heading title-heading-left fusion-responsive-typography-calculated" style="margin:0;font-size:1em;--fontSize:22;--minFontSize:22;line-height:1.35;"><strong>Nueva Red MMA</strong></h2><span class="awb-title-spacer"></span><div class="title-sep-container"><div class="title-sep sep-single sep-solid" style="border-color:var(--awb-custom10);"></div></div></div><div class="fusion-text fusion-text-4 fusion-text-no-margin" style="--awb-font-size:17px;--awb-margin-bottom:20px;"><p>La &#8220;Nueva Red MMA” de carácter pública, fue inaugurada el 29 de abril de 2025 y consta de 14 estaciones en proceso de obtención de la Calificación de Estación de Monitoreo con Representatividad Poblacional. Estas instalaciones medirán compuestos como el dióxido de azufre (SO2), monóxido de carbono (CO), ozono (O3), óxidos de nitrógeno (NOx), material particulado (MP2,5 y MP10), además de sulfuro de hidrógeno (H2S), compuestos orgánicos volátiles, así como toma de muestras de material particulado para análisis químicos.</p>
</div><iframe src="https://redes.mma.gob.cl/desarrollo_web/generator/Industrial/view/maps/Tlbn27UTyWPTV4kbNWYe9rVXv" width="1100px" height="700px"><span data-mce-type="bookmark" style="display: inline-block; width: 0px; overflow: hidden; line-height: 0;" class="mce_SELRES_start">﻿</span><span data-mce-type="bookmark" style="display: inline-block; width: 0px; overflow: hidden; line-height: 0;" class="mce_SELRES_start">﻿</span><span data-mce-type="bookmark" style="display: inline-block; width: 0px; overflow: hidden; line-height: 0;" class="mce_SELRES_start">﻿</span><span data-mce-type="bookmark" style="display: inline-block; width: 0px; overflow: hidden; line-height: 0;" class="mce_SELRES_start">﻿</span><span data-mce-type="bookmark" style="display: inline-block; width: 0px; overflow: hidden; line-height: 0;" class="mce_SELRES_start">﻿</span><span data-mce-type="bookmark" style="display: inline-block; width: 0px; overflow: hidden; line-height: 0;" class="mce_SELRES_start">﻿</span><span data-mce-type="bookmark" style="display: inline-block; width: 0px; overflow: hidden; line-height: 0;" class="mce_SELRES_start">﻿</span>
</iframe><div class="fusion-clearfix"></div></div></div></div></div></p>
