{"id":36794,"date":"2025-10-22T09:56:43","date_gmt":"2025-10-22T12:56:43","guid":{"rendered":"https:\/\/portal.sma.gob.cl\/?page_id=36794"},"modified":"2026-01-30T10:38:48","modified_gmt":"2026-01-30T13:38:48","slug":"boletin-jurisprudencial-sma","status":"publish","type":"page","link":"https:\/\/portal.sma.gob.cl\/index.php\/boletin-jurisprudencial-sma\/","title":{"rendered":"Bolet\u00edn jurisprudencial SMA"},"content":{"rendered":"<p><div class=\"fusion-fullwidth fullwidth-box fusion-builder-row-1 fusion-flex-container has-pattern-background has-mask-background nonhundred-percent-fullwidth non-hundred-percent-height-scrolling\" style=\"--awb-border-radius-top-left:0px;--awb-border-radius-top-right:0px;--awb-border-radius-bottom-right:0px;--awb-border-radius-bottom-left:0px;--awb-flex-wrap:wrap;\" ><div class=\"fusion-builder-row fusion-row fusion-flex-align-items-flex-start fusion-flex-content-wrap\" style=\"max-width:1144px;margin-left: calc(-4% \/ 2 );margin-right: calc(-4% \/ 2 );\"><div class=\"fusion-layout-column fusion_builder_column fusion-builder-column-0 fusion_builder_column_1_1 1_1 fusion-flex-column\" style=\"--awb-bg-size:cover;--awb-width-large:100%;--awb-margin-top-large:0px;--awb-spacing-right-large:1.92%;--awb-margin-bottom-large:20px;--awb-spacing-left-large:1.92%;--awb-width-medium:100%;--awb-order-medium:0;--awb-spacing-right-medium:1.92%;--awb-spacing-left-medium:1.92%;--awb-width-small:100%;--awb-order-small:0;--awb-spacing-right-small:1.92%;--awb-spacing-left-small:1.92%;\"><div class=\"fusion-column-wrapper fusion-column-has-shadow fusion-flex-justify-content-flex-start fusion-content-layout-column\"><div class=\"fusion-text fusion-text-1\" style=\"--awb-font-size:23px;--awb-line-height:1.72em;--awb-letter-spacing:var(--awb-typography4-letter-spacing);--awb-text-transform:var(--awb-typography4-text-transform);--awb-text-color:#19052e;--awb-margin-top:40px;--awb-text-font-family:&quot;Open Sans&quot;;--awb-text-font-style:normal;--awb-text-font-weight:400;\"><p><strong>Bolet\u00edn jurisprudencial de la SMA<\/strong><\/p>\n<\/div><div class=\"fusion-separator fusion-full-width-sep\" style=\"align-self: center;margin-left: auto;margin-right: auto;width:100%;\"><div class=\"fusion-separator-border sep-single sep-solid\" style=\"--awb-height:20px;--awb-amount:20px;--awb-sep-color:#004677;border-color:#004677;border-top-width:1px;\"><\/div><\/div><div class=\"fusion-text fusion-text-2\" style=\"--awb-font-size:18px;--awb-line-height:1.72em;--awb-letter-spacing:var(--awb-typography4-letter-spacing);--awb-text-transform:var(--awb-typography4-text-transform);--awb-text-color:#19052e;--awb-margin-top:20px;--awb-text-font-family:&quot;Open Sans&quot;;--awb-text-font-style:normal;--awb-text-font-weight:400;\"><p>El bolet\u00edn de jurisprudencia es un proyecto de la Secci\u00f3n de Litigios de la Fiscal\u00eda de la Superintendencia del Medio Ambiente, que tiene por objeto sistematizar y difundir los fallos relevantes dictados por los tribunales de justicia en materia ambiental, en los casos en los que ha intervenido la Superintendencia.<\/p>\n<\/div><\/div><\/div><\/div><\/div><div class=\"fusion-fullwidth fullwidth-box fusion-builder-row-2 fusion-flex-container has-pattern-background has-mask-background nonhundred-percent-fullwidth non-hundred-percent-height-scrolling\" style=\"--awb-border-radius-top-left:0px;--awb-border-radius-top-right:0px;--awb-border-radius-bottom-right:0px;--awb-border-radius-bottom-left:0px;--awb-padding-top:20px;--awb-padding-right:10px;--awb-padding-bottom:20px;--awb-padding-left:10px;--awb-flex-wrap:wrap;\" ><div class=\"fusion-builder-row fusion-row fusion-flex-align-items-flex-start fusion-flex-content-wrap\" style=\"max-width:1144px;margin-left: calc(-4% \/ 2 );margin-right: calc(-4% \/ 2 );\"><div class=\"fusion-layout-column fusion_builder_column fusion-builder-column-1 fusion_builder_column_2_5 2_5 fusion-flex-column\" style=\"--awb-bg-size:cover;--awb-width-large:40%;--awb-margin-top-large:0px;--awb-spacing-right-large:4.8%;--awb-margin-bottom-large:20px;--awb-spacing-left-large:4.8%;--awb-width-medium:100%;--awb-order-medium:0;--awb-spacing-right-medium:1.92%;--awb-spacing-left-medium:1.92%;--awb-width-small:100%;--awb-order-small:0;--awb-spacing-right-small:1.92%;--awb-spacing-left-small:1.92%;\"><div class=\"fusion-column-wrapper fusion-column-has-shadow fusion-flex-justify-content-flex-start fusion-content-layout-column\"><div class=\"fusion-image-element \" style=\"--awb-caption-title-font-family:var(--h2_typography-font-family);--awb-caption-title-font-weight:var(--h2_typography-font-weight);--awb-caption-title-font-style:var(--h2_typography-font-style);--awb-caption-title-size:var(--h2_typography-font-size);--awb-caption-title-transform:var(--h2_typography-text-transform);--awb-caption-title-line-height:var(--h2_typography-line-height);--awb-caption-title-letter-spacing:var(--h2_typography-letter-spacing);\"><span class=\" fusion-imageframe imageframe-none imageframe-1 awb-imageframe-style awb-imageframe-style-schantel\"><a class=\"fusion-no-lightbox\" href=\"https:\/\/portal.sma.gob.cl\/wp-content\/uploads\/2026\/01\/Boletin-Jurisprudencial-Mayo-Agosto.pdf\" target=\"_blank\" rel=\"noopener noreferrer\"><img decoding=\"async\" width=\"1200\" height=\"1553\" src=\"https:\/\/portal.sma.gob.cl\/wp-content\/uploads\/2026\/01\/portada-enero-26.jpg\" alt class=\"img-responsive wp-image-37473\" srcset=\"https:\/\/portal.sma.gob.cl\/wp-content\/uploads\/2026\/01\/portada-enero-26-200x259.jpg 200w, https:\/\/portal.sma.gob.cl\/wp-content\/uploads\/2026\/01\/portada-enero-26-400x518.jpg 400w, https:\/\/portal.sma.gob.cl\/wp-content\/uploads\/2026\/01\/portada-enero-26-600x777.jpg 600w, https:\/\/portal.sma.gob.cl\/wp-content\/uploads\/2026\/01\/portada-enero-26-800x1035.jpg 800w, https:\/\/portal.sma.gob.cl\/wp-content\/uploads\/2026\/01\/portada-enero-26.jpg 1200w\" sizes=\"(max-width: 1024px) 100vw, (max-width: 640px) 100vw, 600px\" \/><div class=\"awb-imageframe-caption-container\"><div class=\"awb-imageframe-caption\"><p class=\"awb-imageframe-caption-text\">Cuatrimestre Mayo- Agosto2025<\/p><\/div><\/div><\/a><\/span><\/div><\/div><\/div><div class=\"fusion-layout-column fusion_builder_column fusion-builder-column-2 fusion_builder_column_3_5 3_5 fusion-flex-column\" style=\"--awb-padding-top:10px;--awb-padding-right:20px;--awb-padding-bottom:10px;--awb-padding-left:20px;--awb-overflow:hidden;--awb-bg-color:#e4f1fa;--awb-bg-color-hover:#e4f1fa;--awb-bg-size:cover;--awb-border-color:#004677;--awb-border-top:1px;--awb-border-right:1px;--awb-border-bottom:1px;--awb-border-left:1px;--awb-border-style:solid;--awb-border-radius:5px 5px 5px 5px;--awb-width-large:60%;--awb-margin-top-large:0px;--awb-spacing-right-large:3.2%;--awb-margin-bottom-large:20px;--awb-spacing-left-large:3.2%;--awb-width-medium:100%;--awb-order-medium:0;--awb-spacing-right-medium:1.92%;--awb-spacing-left-medium:1.92%;--awb-width-small:100%;--awb-order-small:0;--awb-spacing-right-small:1.92%;--awb-spacing-left-small:1.92%;\" data-scroll-devices=\"small-visibility,medium-visibility,large-visibility\"><div class=\"fusion-column-wrapper fusion-column-has-shadow fusion-flex-justify-content-flex-start fusion-content-layout-column\"><div class=\"fusion-text fusion-text-3\" style=\"--awb-text-color:#004677;\"><p><strong>\u00daltima edici\u00f3n: Enero de 2026<\/strong><\/p>\n<\/div><div class=\"fusion-text fusion-text-4\" style=\"--awb-text-color:#004677;\"><p>Revisa los fallos m\u00e1s relevantes dictados por los tribunales de justicia en materia ambiental -en casos que ha intervenido la SMA-durante el segundo cuatrimestre del 2025.<\/p>\n<\/div><\/div><\/div><\/div><\/div><div class=\"fusion-fullwidth fullwidth-box fusion-builder-row-3 fusion-flex-container has-pattern-background has-mask-background nonhundred-percent-fullwidth non-hundred-percent-height-scrolling\" style=\"--awb-border-radius-top-left:0px;--awb-border-radius-top-right:0px;--awb-border-radius-bottom-right:0px;--awb-border-radius-bottom-left:0px;--awb-flex-wrap:wrap;\" ><div class=\"fusion-builder-row fusion-row fusion-flex-align-items-flex-start fusion-flex-content-wrap\" style=\"max-width:1144px;margin-left: calc(-4% \/ 2 );margin-right: calc(-4% \/ 2 );\"><div class=\"fusion-layout-column fusion_builder_column fusion-builder-column-3 fusion_builder_column_1_1 1_1 fusion-flex-column\" style=\"--awb-bg-size:cover;--awb-width-large:100%;--awb-margin-top-large:0px;--awb-spacing-right-large:1.92%;--awb-margin-bottom-large:20px;--awb-spacing-left-large:1.92%;--awb-width-medium:100%;--awb-order-medium:0;--awb-spacing-right-medium:1.92%;--awb-spacing-left-medium:1.92%;--awb-width-small:100%;--awb-order-small:0;--awb-spacing-right-small:1.92%;--awb-spacing-left-small:1.92%;\"><div class=\"fusion-column-wrapper fusion-column-has-shadow fusion-flex-justify-content-flex-start fusion-content-layout-column\"><div class=\"fusion-text fusion-text-5\" style=\"--awb-font-size:23px;--awb-line-height:1.72em;--awb-letter-spacing:var(--awb-typography4-letter-spacing);--awb-text-transform:var(--awb-typography4-text-transform);--awb-text-color:#19052e;--awb-margin-top:40px;--awb-text-font-family:&quot;Open Sans&quot;;--awb-text-font-style:normal;--awb-text-font-weight:400;\"><p><strong>Boletines hist\u00f3ricos<\/strong><\/p>\n<\/div><div class=\"fusion-separator fusion-full-width-sep\" style=\"align-self: center;margin-left: auto;margin-right: auto;width:100%;\"><div class=\"fusion-separator-border sep-single sep-solid\" style=\"--awb-height:20px;--awb-amount:20px;--awb-sep-color:#004677;border-color:#004677;border-top-width:1px;\"><\/div><\/div><\/div><\/div><div class=\"fusion-layout-column fusion_builder_column fusion-builder-column-4 fusion_builder_column_1_3 1_3 fusion-flex-column\" style=\"--awb-bg-size:cover;--awb-width-large:33.333333333333%;--awb-margin-top-large:0px;--awb-spacing-right-large:5.76%;--awb-margin-bottom-large:20px;--awb-spacing-left-large:5.76%;--awb-width-medium:100%;--awb-order-medium:0;--awb-spacing-right-medium:1.92%;--awb-spacing-left-medium:1.92%;--awb-width-small:100%;--awb-order-small:0;--awb-spacing-right-small:1.92%;--awb-spacing-left-small:1.92%;\"><div class=\"fusion-column-wrapper fusion-column-has-shadow fusion-flex-justify-content-flex-start fusion-content-layout-column\"><div class=\"fusion-image-element \" style=\"--awb-caption-title-font-family:var(--h2_typography-font-family);--awb-caption-title-font-weight:var(--h2_typography-font-weight);--awb-caption-title-font-style:var(--h2_typography-font-style);--awb-caption-title-size:var(--h2_typography-font-size);--awb-caption-title-transform:var(--h2_typography-text-transform);--awb-caption-title-line-height:var(--h2_typography-line-height);--awb-caption-title-letter-spacing:var(--h2_typography-letter-spacing);\"><span class=\" fusion-imageframe imageframe-none imageframe-2 awb-imageframe-style awb-imageframe-style-schantel\"><a class=\"fusion-no-lightbox\" href=\"https:\/\/portal.sma.gob.cl\/wp-content\/uploads\/2025\/10\/Boletin-Jurisprudencial-Octubre-2025.pdf\" target=\"_blank\" rel=\"noopener noreferrer\"><img decoding=\"async\" width=\"1224\" height=\"1584\" src=\"https:\/\/portal.sma.gob.cl\/wp-content\/uploads\/2025\/10\/portada-oct25.jpg\" alt class=\"img-responsive wp-image-36805\" srcset=\"https:\/\/portal.sma.gob.cl\/wp-content\/uploads\/2025\/10\/portada-oct25-200x259.jpg 200w, https:\/\/portal.sma.gob.cl\/wp-content\/uploads\/2025\/10\/portada-oct25-400x518.jpg 400w, https:\/\/portal.sma.gob.cl\/wp-content\/uploads\/2025\/10\/portada-oct25-600x776.jpg 600w, https:\/\/portal.sma.gob.cl\/wp-content\/uploads\/2025\/10\/portada-oct25-800x1035.jpg 800w, https:\/\/portal.sma.gob.cl\/wp-content\/uploads\/2025\/10\/portada-oct25-1200x1553.jpg 1200w, https:\/\/portal.sma.gob.cl\/wp-content\/uploads\/2025\/10\/portada-oct25.jpg 1224w\" sizes=\"(max-width: 1024px) 100vw, (max-width: 640px) 100vw, 400px\" \/><div class=\"awb-imageframe-caption-container\"><div class=\"awb-imageframe-caption\"><p class=\"awb-imageframe-caption-text\">Cuatrimestre Enero-Abril 2025<\/p><\/div><\/div><\/a><\/span><\/div><\/div><\/div><div class=\"fusion-layout-column fusion_builder_column fusion-builder-column-5 fusion_builder_column_1_3 1_3 fusion-flex-column\" style=\"--awb-bg-size:cover;--awb-width-large:33.333333333333%;--awb-margin-top-large:0px;--awb-spacing-right-large:5.76%;--awb-margin-bottom-large:20px;--awb-spacing-left-large:5.76%;--awb-width-medium:100%;--awb-order-medium:0;--awb-spacing-right-medium:1.92%;--awb-spacing-left-medium:1.92%;--awb-width-small:100%;--awb-order-small:0;--awb-spacing-right-small:1.92%;--awb-spacing-left-small:1.92%;\"><div class=\"fusion-column-wrapper fusion-column-has-shadow fusion-flex-justify-content-flex-start fusion-content-layout-column\"><div class=\"fusion-image-element \" style=\"--awb-caption-title-font-family:var(--h2_typography-font-family);--awb-caption-title-font-weight:var(--h2_typography-font-weight);--awb-caption-title-font-style:var(--h2_typography-font-style);--awb-caption-title-size:var(--h2_typography-font-size);--awb-caption-title-transform:var(--h2_typography-text-transform);--awb-caption-title-line-height:var(--h2_typography-line-height);--awb-caption-title-letter-spacing:var(--h2_typography-letter-spacing);\"><span class=\" fusion-imageframe imageframe-none imageframe-3 awb-imageframe-style awb-imageframe-style-schantel\"><a class=\"fusion-no-lightbox\" href=\"https:\/\/portal.sma.gob.cl\/wp-content\/uploads\/2025\/05\/BJ-Septiembre_Diciembre_2024.pdf\" target=\"_blank\" rel=\"noopener noreferrer\"><img decoding=\"async\" width=\"1082\" height=\"1400\" src=\"https:\/\/portal.sma.gob.cl\/wp-content\/uploads\/2025\/10\/Septiembre_Diciembre_2024.jpg\" alt class=\"img-responsive wp-image-36838\" srcset=\"https:\/\/portal.sma.gob.cl\/wp-content\/uploads\/2025\/10\/Septiembre_Diciembre_2024-200x259.jpg 200w, https:\/\/portal.sma.gob.cl\/wp-content\/uploads\/2025\/10\/Septiembre_Diciembre_2024-400x518.jpg 400w, https:\/\/portal.sma.gob.cl\/wp-content\/uploads\/2025\/10\/Septiembre_Diciembre_2024-600x776.jpg 600w, https:\/\/portal.sma.gob.cl\/wp-content\/uploads\/2025\/10\/Septiembre_Diciembre_2024-800x1035.jpg 800w, https:\/\/portal.sma.gob.cl\/wp-content\/uploads\/2025\/10\/Septiembre_Diciembre_2024.jpg 1082w\" sizes=\"(max-width: 1024px) 100vw, (max-width: 640px) 100vw, 400px\" \/><div class=\"awb-imageframe-caption-container\"><div class=\"awb-imageframe-caption\"><p class=\"awb-imageframe-caption-text\">Cuatrimestre Septiembre-Diciembre 2024<\/p><\/div><\/div><\/a><\/span><\/div><\/div><\/div><div class=\"fusion-layout-column fusion_builder_column fusion-builder-column-6 fusion_builder_column_1_3 1_3 fusion-flex-column\" style=\"--awb-bg-size:cover;--awb-width-large:33.333333333333%;--awb-margin-top-large:0px;--awb-spacing-right-large:5.76%;--awb-margin-bottom-large:20px;--awb-spacing-left-large:5.76%;--awb-width-medium:100%;--awb-order-medium:0;--awb-spacing-right-medium:1.92%;--awb-spacing-left-medium:1.92%;--awb-width-small:100%;--awb-order-small:0;--awb-spacing-right-small:1.92%;--awb-spacing-left-small:1.92%;\"><div class=\"fusion-column-wrapper fusion-column-has-shadow fusion-flex-justify-content-flex-start fusion-content-layout-column\"><div class=\"fusion-image-element \" style=\"--awb-caption-title-font-family:var(--h2_typography-font-family);--awb-caption-title-font-weight:var(--h2_typography-font-weight);--awb-caption-title-font-style:var(--h2_typography-font-style);--awb-caption-title-size:var(--h2_typography-font-size);--awb-caption-title-transform:var(--h2_typography-text-transform);--awb-caption-title-line-height:var(--h2_typography-line-height);--awb-caption-title-letter-spacing:var(--h2_typography-letter-spacing);\"><span class=\" fusion-imageframe imageframe-none imageframe-4 awb-imageframe-style awb-imageframe-style-schantel\"><a class=\"fusion-no-lightbox\" href=\"https:\/\/portal.sma.gob.cl\/wp-content\/uploads\/2025\/01\/Boletin-Jurisprudencia-Cuatrimestre-mayo-agosto-2024.pdf\" target=\"_blank\" rel=\"noopener noreferrer\"><img decoding=\"async\" width=\"1236\" height=\"1600\" src=\"https:\/\/portal.sma.gob.cl\/wp-content\/uploads\/2025\/10\/Boletin-Jurisprudencia-Cuatrimestre-mayo-agosto-2024.jpg\" alt class=\"img-responsive wp-image-36842\" srcset=\"https:\/\/portal.sma.gob.cl\/wp-content\/uploads\/2025\/10\/Boletin-Jurisprudencia-Cuatrimestre-mayo-agosto-2024-200x259.jpg 200w, https:\/\/portal.sma.gob.cl\/wp-content\/uploads\/2025\/10\/Boletin-Jurisprudencia-Cuatrimestre-mayo-agosto-2024-400x518.jpg 400w, https:\/\/portal.sma.gob.cl\/wp-content\/uploads\/2025\/10\/Boletin-Jurisprudencia-Cuatrimestre-mayo-agosto-2024-600x777.jpg 600w, https:\/\/portal.sma.gob.cl\/wp-content\/uploads\/2025\/10\/Boletin-Jurisprudencia-Cuatrimestre-mayo-agosto-2024-800x1036.jpg 800w, https:\/\/portal.sma.gob.cl\/wp-content\/uploads\/2025\/10\/Boletin-Jurisprudencia-Cuatrimestre-mayo-agosto-2024-1200x1553.jpg 1200w, https:\/\/portal.sma.gob.cl\/wp-content\/uploads\/2025\/10\/Boletin-Jurisprudencia-Cuatrimestre-mayo-agosto-2024.jpg 1236w\" sizes=\"(max-width: 1024px) 100vw, (max-width: 640px) 100vw, 400px\" \/><div class=\"awb-imageframe-caption-container\"><div class=\"awb-imageframe-caption\"><p class=\"awb-imageframe-caption-text\">Cuatrimestre Mayo-Agosto 2024<\/p><\/div><\/div><\/a><\/span><\/div><\/div><\/div><div class=\"fusion-layout-column fusion_builder_column fusion-builder-column-7 fusion_builder_column_1_3 1_3 fusion-flex-column\" style=\"--awb-bg-size:cover;--awb-width-large:33.333333333333%;--awb-margin-top-large:0px;--awb-spacing-right-large:5.76%;--awb-margin-bottom-large:20px;--awb-spacing-left-large:5.76%;--awb-width-medium:100%;--awb-order-medium:0;--awb-spacing-right-medium:1.92%;--awb-spacing-left-medium:1.92%;--awb-width-small:100%;--awb-order-small:0;--awb-spacing-right-small:1.92%;--awb-spacing-left-small:1.92%;\"><div class=\"fusion-column-wrapper fusion-column-has-shadow fusion-flex-justify-content-flex-start fusion-content-layout-column\"><div class=\"fusion-image-element \" style=\"--awb-caption-title-font-family:var(--h2_typography-font-family);--awb-caption-title-font-weight:var(--h2_typography-font-weight);--awb-caption-title-font-style:var(--h2_typography-font-style);--awb-caption-title-size:var(--h2_typography-font-size);--awb-caption-title-transform:var(--h2_typography-text-transform);--awb-caption-title-line-height:var(--h2_typography-line-height);--awb-caption-title-letter-spacing:var(--h2_typography-letter-spacing);\"><span class=\" fusion-imageframe imageframe-none imageframe-5 awb-imageframe-style awb-imageframe-style-schantel\"><a class=\"fusion-no-lightbox\" href=\"https:\/\/portal.sma.gob.cl\/wp-content\/uploads\/2024\/08\/Boletin-Jurisprudencial-Julio-2024.pdf\" target=\"_blank\" rel=\"noopener noreferrer\"><img decoding=\"async\" width=\"1236\" height=\"1600\" src=\"https:\/\/portal.sma.gob.cl\/wp-content\/uploads\/2025\/10\/Boletin-Jurisprudencial-enero.jpg\" alt class=\"img-responsive wp-image-36844\" srcset=\"https:\/\/portal.sma.gob.cl\/wp-content\/uploads\/2025\/10\/Boletin-Jurisprudencial-enero-200x259.jpg 200w, https:\/\/portal.sma.gob.cl\/wp-content\/uploads\/2025\/10\/Boletin-Jurisprudencial-enero-400x518.jpg 400w, https:\/\/portal.sma.gob.cl\/wp-content\/uploads\/2025\/10\/Boletin-Jurisprudencial-enero-600x777.jpg 600w, https:\/\/portal.sma.gob.cl\/wp-content\/uploads\/2025\/10\/Boletin-Jurisprudencial-enero-800x1036.jpg 800w, https:\/\/portal.sma.gob.cl\/wp-content\/uploads\/2025\/10\/Boletin-Jurisprudencial-enero-1200x1553.jpg 1200w, https:\/\/portal.sma.gob.cl\/wp-content\/uploads\/2025\/10\/Boletin-Jurisprudencial-enero.jpg 1236w\" sizes=\"(max-width: 1024px) 100vw, (max-width: 640px) 100vw, 400px\" \/><div class=\"awb-imageframe-caption-container\"><div class=\"awb-imageframe-caption\"><p class=\"awb-imageframe-caption-text\">Cuatrimestre Enero-Abril 2024<\/p><\/div><\/div><\/a><\/span><\/div><\/div><\/div><\/div><\/div><\/p>\n","protected":false},"excerpt":{"rendered":"","protected":false},"author":3,"featured_media":0,"parent":0,"menu_order":0,"comment_status":"closed","ping_status":"closed","template":"","meta":{"footnotes":""},"class_list":["post-36794","page","type-page","status-publish","hentry"],"_links":{"self":[{"href":"https:\/\/portal.sma.gob.cl\/index.php\/wp-json\/wp\/v2\/pages\/36794","targetHints":{"allow":["GET"]}}],"collection":[{"href":"https:\/\/portal.sma.gob.cl\/index.php\/wp-json\/wp\/v2\/pages"}],"about":[{"href":"https:\/\/portal.sma.gob.cl\/index.php\/wp-json\/wp\/v2\/types\/page"}],"author":[{"embeddable":true,"href":"https:\/\/portal.sma.gob.cl\/index.php\/wp-json\/wp\/v2\/users\/3"}],"replies":[{"embeddable":true,"href":"https:\/\/portal.sma.gob.cl\/index.php\/wp-json\/wp\/v2\/comments?post=36794"}],"version-history":[{"count":41,"href":"https:\/\/portal.sma.gob.cl\/index.php\/wp-json\/wp\/v2\/pages\/36794\/revisions"}],"predecessor-version":[{"id":37475,"href":"https:\/\/portal.sma.gob.cl\/index.php\/wp-json\/wp\/v2\/pages\/36794\/revisions\/37475"}],"wp:attachment":[{"href":"https:\/\/portal.sma.gob.cl\/index.php\/wp-json\/wp\/v2\/media?parent=36794"}],"curies":[{"name":"wp","href":"https:\/\/api.w.org\/{rel}","templated":true}]}}